{"id":160,"date":"2022-04-21T16:09:58","date_gmt":"2022-04-21T14:09:58","guid":{"rendered":"http:\/\/mavoiemavie.fr\/?page_id=160"},"modified":"2022-07-01T08:35:54","modified_gmt":"2022-07-01T06:35:54","slug":"le-voyage","status":"publish","type":"page","link":"http:\/\/mavoiemavie.fr\/index.php\/le-voyage\/","title":{"rendered":"Le voyage"},"content":{"rendered":"\n<div class=\"wp-block-columns is-layout-flex wp-container-4\">\n<div class=\"wp-block-column is-layout-flow\" style=\"flex-basis:100%\">\n<h2 class=\"wp-block-heading\">La d\u00e9couverte !<\/h2>\n\n\n\n<blockquote class=\"wp-block-quote\"><p>Partir en voyage, quoi de plus naturel pour une fille des Carpates de Transylvanie? Mon p\u00e8re \u00e9taient charg\u00e9 de transports dans les voies ferr\u00e9es et ma m\u00e8re institutrice! Ils nous ont initi\u00e9es moi et mes deux soeurs \u00e0 la d\u00e9couverte du monde du plus jeune \u00e2ge.<\/p><\/blockquote>\n\n\n\n<div class=\"wp-block-columns is-layout-flex wp-container-2\">\n<div class=\"wp-block-column is-layout-flow\" style=\"flex-basis:100%\">\n<p>Je me rappelle d&#8217;une anecdote quand je devais avoir autour de 10 ans. Ma maman est partie rendre visite \u00e0 mon grand-p\u00e8re dans un village \u00e0 12 kilom\u00e8tres de ma ville natale. Elle n&#8217;a pas pu nous prendre avec elle et nous sommes rest\u00e9es toutes les trois s\u0153urs \u00e0 la maison. Mais terriblement tristes et frustr\u00e9es d&#8217;\u00eatre rest\u00e9es seules. Alors! Ni une ni deux, nous nous d\u00e9cidons d&#8217;y aller \u00e0 pied! Rendez-vous compte! J&#8217;\u00e9tais l&#8217;a\u00een\u00e9e, mes autres s\u0153urs avaient 8 et 4 ans \ud83d\ude42 Mais nous avons pris la route! De notre quartier jusqu&#8217;au village il y a avait 12 kilom\u00e8tres!!! Que n\u00e9ni! Peu importe! On connaissait le chemin, nous avions souvent pris le bus! Et marcher sur le trottoir, n&#8217;\u00e9tait pas difficile! Alors en route \ud83d\ude42 Je me rappelle de ces quelques kilom\u00e8tres avec la joie de la d\u00e9couverte et de l&#8217;aventure de l&#8217;enfance ! <\/p>\n<\/div>\n<\/div>\n<\/div>\n<\/div>\n","protected":false},"excerpt":{"rendered":"<p>La d\u00e9couverte ! Partir en voyage, quoi de plus naturel pour une fille des Carpates de Transylvanie? Mon p\u00e8re \u00e9taient charg\u00e9 de transports dans les &hellip;<\/p>\n","protected":false},"author":1,"featured_media":0,"parent":0,"menu_order":0,"comment_status":"closed","ping_status":"closed","template":"","meta":{"_coblocks_attr":"","_coblocks_dimensions":"","_coblocks_responsive_height":"","_coblocks_accordion_ie_support":""},"_links":{"self":[{"href":"http:\/\/mavoiemavie.fr\/index.php\/wp-json\/wp\/v2\/pages\/160"}],"collection":[{"href":"http:\/\/mavoiemavie.fr\/index.php\/wp-json\/wp\/v2\/pages"}],"about":[{"href":"http:\/\/mavoiemavie.fr\/index.php\/wp-json\/wp\/v2\/types\/page"}],"author":[{"embeddable":true,"href":"http:\/\/mavoiemavie.fr\/index.php\/wp-json\/wp\/v2\/users\/1"}],"replies":[{"embeddable":true,"href":"http:\/\/mavoiemavie.fr\/index.php\/wp-json\/wp\/v2\/comments?post=160"}],"version-history":[{"count":6,"href":"http:\/\/mavoiemavie.fr\/index.php\/wp-json\/wp\/v2\/pages\/160\/revisions"}],"predecessor-version":[{"id":661,"href":"http:\/\/mavoiemavie.fr\/index.php\/wp-json\/wp\/v2\/pages\/160\/revisions\/661"}],"wp:attachment":[{"href":"http:\/\/mavoiemavie.fr\/index.php\/wp-json\/wp\/v2\/media?parent=160"}],"curies":[{"name":"wp","href":"https:\/\/api.w.org\/{rel}","templated":true}]}}

<div class="wp-block-columns is-layout-flex wp-container-4">
<div class="wp-block-column is-layout-flow" style="flex-basis:100%">
<h2 class="wp-block-heading">La découverte !</h2>



<blockquote class="wp-block-quote"><p>Partir en voyage, quoi de plus naturel pour une fille des Carpates de Transylvanie? Mon père étaient chargé de transports dans les voies ferrées et ma mère institutrice! Ils nous ont initiées moi et mes deux soeurs à la découverte du monde du plus jeune âge.</p></blockquote>



<div class="wp-block-columns is-layout-flex wp-container-2">
<div class="wp-block-column is-layout-flow" style="flex-basis:100%">
<p>Je me rappelle d&#8217;une anecdote quand je devais avoir autour de 10 ans. Ma maman est partie rendre visite à mon grand-père dans un village à 12 kilomètres de ma ville natale. Elle n&#8217;a pas pu nous prendre avec elle et nous sommes restées toutes les trois sœurs à la maison. Mais terriblement tristes et frustrées d&#8217;être restées seules. Alors! Ni une ni deux, nous nous décidons d&#8217;y aller à pied! Rendez-vous compte! J&#8217;étais l&#8217;aînée, mes autres sœurs avaient 8 et 4 ans 🙂 Mais nous avons pris la route! De notre quartier jusqu&#8217;au village il y a avait 12 kilomètres!!! Que néni! Peu importe! On connaissait le chemin, nous avions souvent pris le bus! Et marcher sur le trottoir, n&#8217;était pas difficile! Alors en route 🙂 Je me rappelle de ces quelques kilomètres avec la joie de la découverte et de l&#8217;aventure de l&#8217;enfance ! </p>
</div>
</div>
</div>
</div>

<p>La découverte ! Partir en voyage, quoi de plus naturel pour une fille des Carpates de Transylvanie? Mon père étaient chargé de transports dans les &hellip;</p>
