{"id":156,"date":"2022-04-21T16:06:21","date_gmt":"2022-04-21T14:06:21","guid":{"rendered":"http:\/\/mavoiemavie.fr\/?page_id=156"},"modified":"2022-07-01T08:35:00","modified_gmt":"2022-07-01T06:35:00","slug":"la-professionnelle","status":"publish","type":"page","link":"http:\/\/mavoiemavie.fr\/index.php\/la-professionnelle\/","title":{"rendered":"La professionnelle"},"content":{"rendered":"\n<h2 class=\"wp-block-heading\"><strong>Mon parcours<\/strong><\/h2>\n\n\n\n<div class=\"wp-block-columns is-layout-flex wp-container-7\">\n<div class=\"wp-block-column is-layout-flow\" style=\"flex-basis:100%\">\n<div class=\"wp-block-group is-layout-flow\"><div class=\"wp-block-group__inner-container\">\n<div class=\"wp-block-columns is-layout-flex wp-container-4\">\n<div class=\"wp-block-column is-layout-flow\">\n<h2 class=\"has-text-align-center wp-block-heading\">Mes d\u00e9buts en Roumanie<\/h2>\n\n\n<div class=\"wp-block-image is-style-bottom-wave\">\n<figure class=\"aligncenter size-large is-resized\"><img decoding=\"async\" loading=\"lazy\" src=\"http:\/\/mavoiemavie.fr\/wp-content\/uploads\/2022\/06\/DSCF8551-1200x792-1-1024x676.jpg\" alt=\"\" class=\"wp-image-653\" width=\"317\" height=\"209\" srcset=\"http:\/\/mavoiemavie.fr\/wp-content\/uploads\/2022\/06\/DSCF8551-1200x792-1-1024x676.jpg 1024w, http:\/\/mavoiemavie.fr\/wp-content\/uploads\/2022\/06\/DSCF8551-1200x792-1-300x198.jpg 300w, http:\/\/mavoiemavie.fr\/wp-content\/uploads\/2022\/06\/DSCF8551-1200x792-1-768x507.jpg 768w, http:\/\/mavoiemavie.fr\/wp-content\/uploads\/2022\/06\/DSCF8551-1200x792-1-455x300.jpg 455w, http:\/\/mavoiemavie.fr\/wp-content\/uploads\/2022\/06\/DSCF8551-1200x792-1.jpg 1200w\" sizes=\"(max-width: 317px) 100vw, 317px\" \/><figcaption>cr\u00e9dit photo toplita.eu<\/figcaption><\/figure><\/div>\n\n\n<p>Je commence ma vie professionnelle comme professeur de fran\u00e7ais et d&#8217;anglais et je fais du monde du travail un terrain de d\u00e9couvertes et d&#8217;\u00e9volution! Toujours en lien avec les autres et la communication &#8211; par le discours, par l&#8217;assistance, par le soin, par la culture et la communication, par le voyage. Cr\u00e9ative et dou\u00e9e d&#8217;un esprit organisationnel aiguis\u00e9, j&#8217;\u00e9volue tout au long de mon parcours en faisant preuve de facult\u00e9s d&#8217;adaptation. Je suis \u00e0 m\u00eame de mener de front des actions complexes, en g\u00e9rant les priorit\u00e9s pour obtenir les r\u00e9sultats voulus dans le respect des d\u00e9lais. <\/p>\n<\/div>\n\n\n\n<div class=\"wp-block-column is-layout-flow\">\n<h2 class=\"has-text-align-center wp-block-heading\">France, la Terre en Marche<\/h2>\n\n\n<div class=\"wp-block-image is-style-bottom-wave\">\n<figure class=\"aligncenter size-large\"><img decoding=\"async\" loading=\"lazy\" width=\"1024\" height=\"768\" src=\"http:\/\/mavoiemavie.fr\/wp-content\/uploads\/2022\/04\/26962209_1581444908598254_4876986459880434825_o-1024x768.jpg\" alt=\"\" class=\"wp-image-371\" srcset=\"http:\/\/mavoiemavie.fr\/wp-content\/uploads\/2022\/04\/26962209_1581444908598254_4876986459880434825_o-1024x768.jpg 1024w, http:\/\/mavoiemavie.fr\/wp-content\/uploads\/2022\/04\/26962209_1581444908598254_4876986459880434825_o-300x225.jpg 300w, http:\/\/mavoiemavie.fr\/wp-content\/uploads\/2022\/04\/26962209_1581444908598254_4876986459880434825_o-768x576.jpg 768w, http:\/\/mavoiemavie.fr\/wp-content\/uploads\/2022\/04\/26962209_1581444908598254_4876986459880434825_o-400x300.jpg 400w, http:\/\/mavoiemavie.fr\/wp-content\/uploads\/2022\/04\/26962209_1581444908598254_4876986459880434825_o.jpg 1440w\" sizes=\"(max-width: 1024px) 100vw, 1024px\" \/><\/figure><\/div>\n\n\n<p>Depuis bient\u00f4t 15 ans, depuis que je vis en France, ma vie professionnelle se conjugue autour de trois axes : formations, travail et voyages. Tour \u00e0 tour, je continue \u00e0 me former en traduction, en soins \u00e0 la personne et en management de projet international. Je suis l&#8217;assistante de direction de Roger Taillibert, l\u2019architecte du Parc des Princes \u00e0 Paris, aide-soignante et communicante au P\u00f4le de comp\u00e9titivit\u00e9 Mer Bretagne Atlantique. Parall\u00e8lement je voyage en \u00e9quipe avec J\u00e9r\u00f4me : de Paris en Asie, de Bretagne \u00e0 l\u2019Alsace, de Guyane Fran\u00e7aise \u00e0 Toulouse.<\/p>\n<\/div>\n\n\n\n<div class=\"wp-block-column is-layout-flow\">\n<h2 class=\"has-text-align-center wp-block-heading\">Aujourd&#8217;hui<\/h2>\n\n\n<div class=\"wp-block-image is-style-bottom-wave\">\n<figure class=\"aligncenter size-large is-resized\"><img decoding=\"async\" loading=\"lazy\" src=\"http:\/\/mavoiemavie.fr\/wp-content\/uploads\/2022\/06\/20220306_114658-1024x768.jpg\" alt=\"\" class=\"wp-image-655\" width=\"322\" height=\"241\" srcset=\"http:\/\/mavoiemavie.fr\/wp-content\/uploads\/2022\/06\/20220306_114658-1024x768.jpg 1024w, http:\/\/mavoiemavie.fr\/wp-content\/uploads\/2022\/06\/20220306_114658-300x225.jpg 300w, http:\/\/mavoiemavie.fr\/wp-content\/uploads\/2022\/06\/20220306_114658-768x576.jpg 768w, http:\/\/mavoiemavie.fr\/wp-content\/uploads\/2022\/06\/20220306_114658-1536x1152.jpg 1536w, http:\/\/mavoiemavie.fr\/wp-content\/uploads\/2022\/06\/20220306_114658-2048x1536.jpg 2048w, http:\/\/mavoiemavie.fr\/wp-content\/uploads\/2022\/06\/20220306_114658-400x300.jpg 400w\" sizes=\"(max-width: 322px) 100vw, 322px\" \/><\/figure><\/div>\n\n\n<p>Aujourd&#8217;hui je suis conf\u00e9renci\u00e8re et animatrice. J&#8217;ai envie de transmettre au plus grand nombre mes connaissances et exp\u00e9riences de terrain! Par les conf\u00e9rences et ateliers que je propose, j&#8217;actionne le levier de la transmission et de la formation ! J&#8217;ai envie de donner un souffle nouveau \u00e0 ceux qui m&#8217;\u00e9coute! Dans mon tiroir, se pr\u00e9pare \u00e0 sortir des livres t\u00e9moignage de mes voyages et de l&#8217;exp\u00e9rience du terrain, en famille et en couple!  T\u00e9moignages de transformation et d&#8217;\u00e9volution sur un parcours atypique, toujours en lien avec les hommes!<\/p>\n<\/div>\n<\/div>\n<\/div><\/div>\n<\/div>\n<\/div>\n\n\n\n<div style=\"height:23px\" aria-hidden=\"true\" class=\"wp-block-spacer\"><\/div>\n\n\n\n<div style=\"height:24px\" aria-hidden=\"true\" class=\"wp-block-spacer\"><\/div>\n","protected":false},"excerpt":{"rendered":"<p>Mon parcours Mes d\u00e9buts en Roumanie Je commence ma vie professionnelle comme professeur de fran\u00e7ais et d&#8217;anglais et je fais du monde du travail un &hellip;<\/p>\n","protected":false},"author":1,"featured_media":368,"parent":0,"menu_order":0,"comment_status":"closed","ping_status":"closed","template":"","meta":{"_coblocks_attr":"","_coblocks_dimensions":"","_coblocks_responsive_height":"","_coblocks_accordion_ie_support":""},"_links":{"self":[{"href":"http:\/\/mavoiemavie.fr\/index.php\/wp-json\/wp\/v2\/pages\/156"}],"collection":[{"href":"http:\/\/mavoiemavie.fr\/index.php\/wp-json\/wp\/v2\/pages"}],"about":[{"href":"http:\/\/mavoiemavie.fr\/index.php\/wp-json\/wp\/v2\/types\/page"}],"author":[{"embeddable":true,"href":"http:\/\/mavoiemavie.fr\/index.php\/wp-json\/wp\/v2\/users\/1"}],"replies":[{"embeddable":true,"href":"http:\/\/mavoiemavie.fr\/index.php\/wp-json\/wp\/v2\/comments?post=156"}],"version-history":[{"count":31,"href":"http:\/\/mavoiemavie.fr\/index.php\/wp-json\/wp\/v2\/pages\/156\/revisions"}],"predecessor-version":[{"id":660,"href":"http:\/\/mavoiemavie.fr\/index.php\/wp-json\/wp\/v2\/pages\/156\/revisions\/660"}],"wp:featuredmedia":[{"embeddable":true,"href":"http:\/\/mavoiemavie.fr\/index.php\/wp-json\/wp\/v2\/media\/368"}],"wp:attachment":[{"href":"http:\/\/mavoiemavie.fr\/index.php\/wp-json\/wp\/v2\/media?parent=156"}],"curies":[{"name":"wp","href":"https:\/\/api.w.org\/{rel}","templated":true}]}}

<h2 class="wp-block-heading"><strong>Mon parcours</strong></h2>



<div class="wp-block-columns is-layout-flex wp-container-7">
<div class="wp-block-column is-layout-flow" style="flex-basis:100%">
<div class="wp-block-group is-layout-flow"><div class="wp-block-group__inner-container">
<div class="wp-block-columns is-layout-flex wp-container-4">
<div class="wp-block-column is-layout-flow">
<h2 class="has-text-align-center wp-block-heading">Mes débuts en Roumanie</h2>


<div class="wp-block-image is-style-bottom-wave">
<figure class="aligncenter size-large is-resized"><img decoding="async" loading="lazy" src="http://mavoiemavie.fr/wp-content/uploads/2022/06/DSCF8551-1200x792-1-1024x676.jpg" alt="" class="wp-image-653" width="317" height="209" srcset="http://mavoiemavie.fr/wp-content/uploads/2022/06/DSCF8551-1200x792-1-1024x676.jpg 1024w, http://mavoiemavie.fr/wp-content/uploads/2022/06/DSCF8551-1200x792-1-300x198.jpg 300w, http://mavoiemavie.fr/wp-content/uploads/2022/06/DSCF8551-1200x792-1-768x507.jpg 768w, http://mavoiemavie.fr/wp-content/uploads/2022/06/DSCF8551-1200x792-1-455x300.jpg 455w, http://mavoiemavie.fr/wp-content/uploads/2022/06/DSCF8551-1200x792-1.jpg 1200w" sizes="(max-width: 317px) 100vw, 317px" /><figcaption>crédit photo toplita.eu</figcaption></figure></div>


<p>Je commence ma vie professionnelle comme professeur de français et d&#8217;anglais et je fais du monde du travail un terrain de découvertes et d&#8217;évolution! Toujours en lien avec les autres et la communication &#8211; par le discours, par l&#8217;assistance, par le soin, par la culture et la communication, par le voyage. Créative et douée d&#8217;un esprit organisationnel aiguisé, j&#8217;évolue tout au long de mon parcours en faisant preuve de facultés d&#8217;adaptation. Je suis à même de mener de front des actions complexes, en gérant les priorités pour obtenir les résultats voulus dans le respect des délais. </p>
</div>



<div class="wp-block-column is-layout-flow">
<h2 class="has-text-align-center wp-block-heading">France, la Terre en Marche</h2>


<div class="wp-block-image is-style-bottom-wave">
<figure class="aligncenter size-large"><img decoding="async" loading="lazy" width="1024" height="768" src="http://mavoiemavie.fr/wp-content/uploads/2022/04/26962209_1581444908598254_4876986459880434825_o-1024x768.jpg" alt="" class="wp-image-371" srcset="http://mavoiemavie.fr/wp-content/uploads/2022/04/26962209_1581444908598254_4876986459880434825_o-1024x768.jpg 1024w, http://mavoiemavie.fr/wp-content/uploads/2022/04/26962209_1581444908598254_4876986459880434825_o-300x225.jpg 300w, http://mavoiemavie.fr/wp-content/uploads/2022/04/26962209_1581444908598254_4876986459880434825_o-768x576.jpg 768w, http://mavoiemavie.fr/wp-content/uploads/2022/04/26962209_1581444908598254_4876986459880434825_o-400x300.jpg 400w, http://mavoiemavie.fr/wp-content/uploads/2022/04/26962209_1581444908598254_4876986459880434825_o.jpg 1440w" sizes="(max-width: 1024px) 100vw, 1024px" /></figure></div>


<p>Depuis bientôt 15 ans, depuis que je vis en France, ma vie professionnelle se conjugue autour de trois axes : formations, travail et voyages. Tour à tour, je continue à me former en traduction, en soins à la personne et en management de projet international. Je suis l&#8217;assistante de direction de Roger Taillibert, l’architecte du Parc des Princes à Paris, aide-soignante et communicante au Pôle de compétitivité Mer Bretagne Atlantique. Parallèlement je voyage en équipe avec Jérôme : de Paris en Asie, de Bretagne à l’Alsace, de Guyane Française à Toulouse.</p>
</div>



<div class="wp-block-column is-layout-flow">
<h2 class="has-text-align-center wp-block-heading">Aujourd&#8217;hui</h2>


<div class="wp-block-image is-style-bottom-wave">
<figure class="aligncenter size-large is-resized"><img decoding="async" loading="lazy" src="http://mavoiemavie.fr/wp-content/uploads/2022/06/20220306_114658-1024x768.jpg" alt="" class="wp-image-655" width="322" height="241" srcset="http://mavoiemavie.fr/wp-content/uploads/2022/06/20220306_114658-1024x768.jpg 1024w, http://mavoiemavie.fr/wp-content/uploads/2022/06/20220306_114658-300x225.jpg 300w, http://mavoiemavie.fr/wp-content/uploads/2022/06/20220306_114658-768x576.jpg 768w, http://mavoiemavie.fr/wp-content/uploads/2022/06/20220306_114658-1536x1152.jpg 1536w, http://mavoiemavie.fr/wp-content/uploads/2022/06/20220306_114658-2048x1536.jpg 2048w, http://mavoiemavie.fr/wp-content/uploads/2022/06/20220306_114658-400x300.jpg 400w" sizes="(max-width: 322px) 100vw, 322px" /></figure></div>


<p>Aujourd&#8217;hui je suis conférencière et animatrice. J&#8217;ai envie de transmettre au plus grand nombre mes connaissances et expériences de terrain! Par les conférences et ateliers que je propose, j&#8217;actionne le levier de la transmission et de la formation ! J&#8217;ai envie de donner un souffle nouveau à ceux qui m&#8217;écoute! Dans mon tiroir, se prépare à sortir des livres témoignage de mes voyages et de l&#8217;expérience du terrain, en famille et en couple!  Témoignages de transformation et d&#8217;évolution sur un parcours atypique, toujours en lien avec les hommes!</p>
</div>
</div>
</div></div>
</div>
</div>



<div style="height:23px" aria-hidden="true" class="wp-block-spacer"></div>



<div style="height:24px" aria-hidden="true" class="wp-block-spacer"></div>

<p>Mon parcours Mes débuts en Roumanie Je commence ma vie professionnelle comme professeur de français et d&#8217;anglais et je fais du monde du travail un &hellip;</p>
