{"id":140,"date":"2022-04-21T15:31:33","date_gmt":"2022-04-21T13:31:33","guid":{"rendered":"http:\/\/mavoiemavie.fr\/?page_id=140"},"modified":"2022-07-01T09:07:24","modified_gmt":"2022-07-01T07:07:24","slug":"grand-public-2","status":"publish","type":"page","link":"http:\/\/mavoiemavie.fr\/index.php\/grand-public-2\/","title":{"rendered":"Grand public"},"content":{"rendered":"\n<h4 class=\"has-accent-2-color has-text-color wp-block-heading\"><strong>Partir \u00e0 l\u2019aventure, raconter, faire r\u00eaver! <\/strong><\/h4>\n\n\n\n<figure class=\"wp-block-pullquote\"><blockquote><p>Vous ferez une v\u00e9ritable immersion dans l&#8217;inconnu, notre quotidien! Dans les p\u00e9rip\u00e9ties d&#8217;un couple et d&#8217;une famille pendant un voyage extraordinaire!<\/p><\/blockquote><\/figure>\n\n\n\n<p class=\"has-accent-1-color has-accent-2-background-color has-text-color has-background\">C\u2019est une excellente raison de rencontrer le grand public en office de tourisme, association, festivals, salons, \u00e9tablissements pour personnes \u00e2g\u00e9es ! Apporter aux autres un message de coh\u00e9sion et de belles rencontres, une aventure humaine t\u00e9moignage des forces inimaginables que nous avons me tient \u00e0 coeur! <\/p>\n","protected":false},"excerpt":{"rendered":"<p>Partir \u00e0 l\u2019aventure, raconter, faire r\u00eaver! Vous ferez une v\u00e9ritable immersion dans l&#8217;inconnu, notre quotidien! Dans les p\u00e9rip\u00e9ties d&#8217;un couple et d&#8217;une famille pendant un &hellip;<\/p>\n","protected":false},"author":1,"featured_media":761,"parent":0,"menu_order":0,"comment_status":"closed","ping_status":"closed","template":"","meta":{"_coblocks_attr":"","_coblocks_dimensions":"","_coblocks_responsive_height":"","_coblocks_accordion_ie_support":""},"_links":{"self":[{"href":"http:\/\/mavoiemavie.fr\/index.php\/wp-json\/wp\/v2\/pages\/140"}],"collection":[{"href":"http:\/\/mavoiemavie.fr\/index.php\/wp-json\/wp\/v2\/pages"}],"about":[{"href":"http:\/\/mavoiemavie.fr\/index.php\/wp-json\/wp\/v2\/types\/page"}],"author":[{"embeddable":true,"href":"http:\/\/mavoiemavie.fr\/index.php\/wp-json\/wp\/v2\/users\/1"}],"replies":[{"embeddable":true,"href":"http:\/\/mavoiemavie.fr\/index.php\/wp-json\/wp\/v2\/comments?post=140"}],"version-history":[{"count":7,"href":"http:\/\/mavoiemavie.fr\/index.php\/wp-json\/wp\/v2\/pages\/140\/revisions"}],"predecessor-version":[{"id":763,"href":"http:\/\/mavoiemavie.fr\/index.php\/wp-json\/wp\/v2\/pages\/140\/revisions\/763"}],"wp:featuredmedia":[{"embeddable":true,"href":"http:\/\/mavoiemavie.fr\/index.php\/wp-json\/wp\/v2\/media\/761"}],"wp:attachment":[{"href":"http:\/\/mavoiemavie.fr\/index.php\/wp-json\/wp\/v2\/media?parent=140"}],"curies":[{"name":"wp","href":"https:\/\/api.w.org\/{rel}","templated":true}]}}