{"id":138,"date":"2022-04-21T15:30:57","date_gmt":"2022-04-21T13:30:57","guid":{"rendered":"http:\/\/mavoiemavie.fr\/?page_id=138"},"modified":"2022-07-01T08:36:47","modified_gmt":"2022-07-01T06:36:47","slug":"scolaire-universitaire","status":"publish","type":"page","link":"http:\/\/mavoiemavie.fr\/index.php\/scolaire-universitaire\/","title":{"rendered":"Scolaire &#038; Universitaire"},"content":{"rendered":"\n<h4 class=\"has-accent-2-color has-text-color wp-block-heading\"><strong>Atelier D\u00e9couverte du monde \u00e0 pied<\/strong><\/h4>\n\n\n\n<p class=\"has-accent-2-color has-accent-1-background-color has-text-color has-background\"><strong>OBJECTIFS<\/strong><\/p>\n\n\n\n<p>Faire d\u00e9couvrir aux enfants d&#8217;autres cultures, d&#8217;autres g\u00e9ographies, apporter un t\u00e9moignage original sur le monde, insuffler de la confiance et de l&#8217;envie d&#8217;aventure, montrer la r\u00e9alit\u00e9 du terrain et du quotidien des populations.<\/p>\n\n\n\n<p>Je propose aux enfants, en m&#8217;adaptant \u00e0 leur \u00e2ge, un voyage culturel et sportif \u00e0 travers le monde. Nous partirons sur les traces de J\u00e9r\u00f4me, Sabina et leur fille de 20 mois, Enora, pour une aventure unique men\u00e9e \u00e0 pied en Europe, Asie et Afrique.  L&#8217;histoire sera enrichie de vid\u00e9os film\u00e9es sur la route et j&#8217;apporterai des objets utilis\u00e9s dans nos voyages.<\/p>\n","protected":false},"excerpt":{"rendered":"<p>Atelier D\u00e9couverte du monde \u00e0 pied OBJECTIFS Faire d\u00e9couvrir aux enfants d&#8217;autres cultures, d&#8217;autres g\u00e9ographies, apporter un t\u00e9moignage original sur le monde, insuffler de la &hellip;<\/p>\n","protected":false},"author":1,"featured_media":212,"parent":0,"menu_order":0,"comment_status":"closed","ping_status":"closed","template":"","meta":{"_coblocks_attr":"","_coblocks_dimensions":"","_coblocks_responsive_height":"","_coblocks_accordion_ie_support":""},"_links":{"self":[{"href":"http:\/\/mavoiemavie.fr\/index.php\/wp-json\/wp\/v2\/pages\/138"}],"collection":[{"href":"http:\/\/mavoiemavie.fr\/index.php\/wp-json\/wp\/v2\/pages"}],"about":[{"href":"http:\/\/mavoiemavie.fr\/index.php\/wp-json\/wp\/v2\/types\/page"}],"author":[{"embeddable":true,"href":"http:\/\/mavoiemavie.fr\/index.php\/wp-json\/wp\/v2\/users\/1"}],"replies":[{"embeddable":true,"href":"http:\/\/mavoiemavie.fr\/index.php\/wp-json\/wp\/v2\/comments?post=138"}],"version-history":[{"count":4,"href":"http:\/\/mavoiemavie.fr\/index.php\/wp-json\/wp\/v2\/pages\/138\/revisions"}],"predecessor-version":[{"id":730,"href":"http:\/\/mavoiemavie.fr\/index.php\/wp-json\/wp\/v2\/pages\/138\/revisions\/730"}],"wp:featuredmedia":[{"embeddable":true,"href":"http:\/\/mavoiemavie.fr\/index.php\/wp-json\/wp\/v2\/media\/212"}],"wp:attachment":[{"href":"http:\/\/mavoiemavie.fr\/index.php\/wp-json\/wp\/v2\/media?parent=138"}],"curies":[{"name":"wp","href":"https:\/\/api.w.org\/{rel}","templated":true}]}}