{"id":134,"date":"2022-04-21T15:29:46","date_gmt":"2022-04-21T13:29:46","guid":{"rendered":"http:\/\/mavoiemavie.fr\/?page_id=134"},"modified":"2022-07-01T08:33:02","modified_gmt":"2022-07-01T06:33:02","slug":"professionnels","status":"publish","type":"page","link":"http:\/\/mavoiemavie.fr\/index.php\/professionnels\/","title":{"rendered":"Entreprise"},"content":{"rendered":"\n<p>Bonjour \u00e0 toutes et \u00e0 tous! <\/p>\n\n\n<div class=\"wp-block-image is-style-bottom-wave\">\n<figure class=\"alignleft size-large is-resized has-lightbox\"><img decoding=\"async\" loading=\"lazy\" src=\"http:\/\/mavoiemavie.fr\/wp-content\/uploads\/2022\/04\/ROUTE-DE-LA-SOIE-ARMENIE-1-682x1024.jpg\" alt=\"\" class=\"wp-image-307\" width=\"171\" height=\"256\" srcset=\"http:\/\/mavoiemavie.fr\/wp-content\/uploads\/2022\/04\/ROUTE-DE-LA-SOIE-ARMENIE-1-682x1024.jpg 682w, http:\/\/mavoiemavie.fr\/wp-content\/uploads\/2022\/04\/ROUTE-DE-LA-SOIE-ARMENIE-1-200x300.jpg 200w, http:\/\/mavoiemavie.fr\/wp-content\/uploads\/2022\/04\/ROUTE-DE-LA-SOIE-ARMENIE-1-768x1153.jpg 768w, http:\/\/mavoiemavie.fr\/wp-content\/uploads\/2022\/04\/ROUTE-DE-LA-SOIE-ARMENIE-1-1023x1536.jpg 1023w, http:\/\/mavoiemavie.fr\/wp-content\/uploads\/2022\/04\/ROUTE-DE-LA-SOIE-ARMENIE-1-1364x2048.jpg 1364w, http:\/\/mavoiemavie.fr\/wp-content\/uploads\/2022\/04\/ROUTE-DE-LA-SOIE-ARMENIE-1-scaled.jpg 1705w\" sizes=\"(max-width: 171px) 100vw, 171px\" \/><\/figure><\/div>\n\n\n<blockquote class=\"wp-block-quote\"><p>Manageurs, voyager c\u2019est cr\u00e9er et amener des projets \u00e0 leur terme !<\/p><\/blockquote>\n\n\n\n<p>Coh\u00e9sion d\u2019\u00e9quipe, courage, adaptabilit\u00e9, communication de groupe!&nbsp;Bonne entente, r\u00e9alisation d&#8217;objectif, r\u00e9solution de probl\u00e8me et gestion de conflit! <\/p>\n\n\n\n<p>Des mots-cl\u00e9s pour la r\u00e9ussite de tout projet!<\/p>\n\n\n\n<p class=\"has-accent-1-color has-accent-2-background-color has-text-color has-background\">Communication! Des valeurs et variables essentielles, illustr\u00e9es par une exp\u00e9rience humaine inoubliable! Et pour une conf\u00e9rence en entreprise!<\/p>\n\n\n\n<p>Comment porter une id\u00e9e \u00e0 son terme, une vision \u00e0 maturit\u00e9, comment accomplir un id\u00e9al dans les \u00e9preuves et l&#8217;endurance&nbsp;? Comment, pour y arriver, puiser dans ces ressources-cl\u00e9s que sont : la pers\u00e9v\u00e9rance, la d\u00e9termination, le courage, le d\u00e9passement de soi, la solidarit\u00e9, la prise de risque et d\u2019initiative, la facult\u00e9 d\u2019adaptation&nbsp;?<br><br>J&#8217;aimerais vous apporter un t\u00e9moignage et un voyage hors normes, car l&#8217;impossible existe! Je l&#8217;ai v\u00e9cu sur le terrain du voyage \u00e0 pied! Quand plus rien ne va, nous trouvons en nous une ressource! Et tant que notre coeur bat, nous pouvons avancer ! C&#8217;est ainsi dans le voyage que dans la vie de l&#8217;entreprise !<br>&nbsp;<\/p>\n","protected":false},"excerpt":{"rendered":"<p>Bonjour \u00e0 toutes et \u00e0 tous! Manageurs, voyager c\u2019est cr\u00e9er et amener des projets \u00e0 leur terme ! Coh\u00e9sion d\u2019\u00e9quipe, courage, adaptabilit\u00e9, communication de groupe!&nbsp;Bonne &hellip;<\/p>\n","protected":false},"author":1,"featured_media":0,"parent":0,"menu_order":0,"comment_status":"closed","ping_status":"closed","template":"","meta":{"_coblocks_attr":"","_coblocks_dimensions":"","_coblocks_responsive_height":"","_coblocks_accordion_ie_support":""},"_links":{"self":[{"href":"http:\/\/mavoiemavie.fr\/index.php\/wp-json\/wp\/v2\/pages\/134"}],"collection":[{"href":"http:\/\/mavoiemavie.fr\/index.php\/wp-json\/wp\/v2\/pages"}],"about":[{"href":"http:\/\/mavoiemavie.fr\/index.php\/wp-json\/wp\/v2\/types\/page"}],"author":[{"embeddable":true,"href":"http:\/\/mavoiemavie.fr\/index.php\/wp-json\/wp\/v2\/users\/1"}],"replies":[{"embeddable":true,"href":"http:\/\/mavoiemavie.fr\/index.php\/wp-json\/wp\/v2\/comments?post=134"}],"version-history":[{"count":14,"href":"http:\/\/mavoiemavie.fr\/index.php\/wp-json\/wp\/v2\/pages\/134\/revisions"}],"predecessor-version":[{"id":696,"href":"http:\/\/mavoiemavie.fr\/index.php\/wp-json\/wp\/v2\/pages\/134\/revisions\/696"}],"wp:attachment":[{"href":"http:\/\/mavoiemavie.fr\/index.php\/wp-json\/wp\/v2\/media?parent=134"}],"curies":[{"name":"wp","href":"https:\/\/api.w.org\/{rel}","templated":true}]}}