{"id":12,"date":"2022-04-19T16:14:44","date_gmt":"2022-04-19T14:14:44","guid":{"rendered":"http:\/\/mavoiemavie.fr\/?page_id=12"},"modified":"2022-07-01T09:27:27","modified_gmt":"2022-07-01T07:27:27","slug":"accueil","status":"publish","type":"page","link":"http:\/\/mavoiemavie.fr\/index.php\/accueil\/","title":{"rendered":"Ma Voie Ma Vie"},"content":{"rendered":"\n<h2 class=\"wp-block-heading\" style=\"font-size:16px\">Bienvenue \u00e0 toutes et \u00e0 tous ! <\/h2>\n\n\n\n<blockquote class=\"wp-block-quote\" style=\"font-size:16px\"><p><\/p><cite><strong>Je m&#8217;appelle Sabina Augusta Bergami et j&#8217;ai l&#8217;immense plaisir de vous inviter sur Ma Voie Ma Vie, l&#8217;entreprise que j&#8217;ai cr\u00e9\u00e9e! Je me suis lanc\u00e9e dans l&#8217;aventure entrepreneuriale gr\u00e2ce et parce que les rencontres que j&#8217;ai faites tout au long de mon parcours professionnel et de vie m&#8217;ont encourag\u00e9e \u00e0 m&#8217;envoler de mes propres ailes!<\/strong><\/cite><\/blockquote>\n\n\n\n<p style=\"font-size:16px\">Ma Voie Ma Vie c&#8217;est la joie d&#8217;un nouveau d\u00e9part, la joie d&#8217;\u00eatre soi et de transmettre aux autres sa voie par sa voix ! Avec ma fibre enseignante, mon parcours professionnel \u00e9clectique et mes voyages, j&#8217;ai franchi le cap et je vous propose des :<\/p>\n\n\n\n<p class=\"has-text-align-center has-accent-1-color has-accent-2-background-color has-text-color has-background has-large-font-size\"><strong>CONFERENCES, ATELIERS ET ANIMATIONS <\/strong><\/p>\n\n\n\n<p>Dans mes <strong>conf\u00e9rences<\/strong> et <strong>ateliers<\/strong>, je vous invite \u00e0 la d\u00e9couverte d&#8217;un parcours \u00e0 part, je vous invite \u00e0 voyager, \u00e0 partir \u00e0 l&#8217;aventure, \u00e0 vous d\u00e9passer, en confiance! C&#8217;est l&#8217;aventure d&#8217;une femme qui part \u00e0 la conqu\u00eate de la plan\u00e8te \u00e0 pied en compagnie de son \u00e9poux et partenaire de projet! Elle apprend tant de choses sur le terrain qu&#8217;il ne lui reste qu&#8217;une chose \u00e0 faire! A le transmettre aux autres! L&#8217;envie de partager, l&#8217;envie de donner envie!  <\/p>\n\n\n\n<p id=\"La-Terre-en-Marche\"><a href=\"http:\/\/mavoiemavie.fr\/index.php\/la-terre-en-marche\/\" data-type=\"URL\" data-id=\"http:\/\/mavoiemavie.fr\/index.php\/la-terre-en-marche\/\">La Terre en Marche<\/a>, oui, oui, c&#8217;est une v\u00e9ritable aventure de d\u00e9couverte et d&#8217;exploration du monde \u00e0 pied! Autant nous partons dans un voyage culturel, historique et sportif, que dans une qu\u00eate existentielle ! Je cofonde cette association et projet p\u00e9dagogique avec mon \u00e9poux, J\u00e9r\u00f4me Bergami, \u00e9crivain aventurier en 2013! Nous mettons sur pied un projet fou de parcourir la route de la Soie \u00e0 pied en deux ans! Ensemble nous partons parcourir 8.300 kilom\u00e8tres sur trois continents, munis de deux bourses en cuir, remplies de la terre des cinq continents! Deux exp\u00e9ditions ont vu le jour : <\/p>\n\n\n\n<ul><li><strong>La Terre en Marche 1<\/strong>: 2 ans et 6.000 kilom\u00e8tres le long de la route de la Soie, 20 juin 2014- 3 juin 2016, depuis Venise \u00e0 la fronti\u00e8re kirghizo-chinoise!<\/li><li><strong>La Terre en Marche 2<\/strong> : 10 mois d&#8217;aventure en Afrique de l&#8217;Est et Australe, 2300 kilom\u00e8tres et 4 pays travers\u00e9s \u00e0 pied en 2019, avec notre petite fille sur le dos et un chariot de traction de 40 kilos de mat\u00e9riel<\/li><\/ul>\n\n\n\n<div class=\"wp-block-cover is-light has-parallax is-style-bottom-wave\" style=\"background-image:url(http:\/\/mavoiemavie.fr\/wp-content\/uploads\/2022\/05\/Sabina_Turquie_a-pied.jpg)\"><span aria-hidden=\"true\" class=\"wp-block-cover__background has-background-dim-10 has-background-dim\"><\/span><div class=\"wp-block-cover__inner-container\">\n<p class=\"has-text-align-left has-headings-color has-text-color has-background\" style=\"background-color:#ffffff8f;font-size:16px\"><strong>Nous ferons la connaissance de centaines de personnes, dans diff\u00e9rents pays en Europe, Asie et Afrique ! Je vous propose une incursion dans ce voyage ! Le voyage qui nous questionne dans nos plus profondes motivations! Le voyage qui nous met \u00e0 rude \u00e9preuve et nous pousse \u00e0 savoir de quoi nous sommes capables! Il nous teste les limites physiques et mentales! Je vous propose des ateliers soft skills et bien-\u00eatre &#8211; o\u00f9 nous partirons marcher en \u00e9veil des sens, o\u00f9 nous parlerons aventure et mouvement, r\u00e9silience et courage, o\u00f9 nous irons cueillir la terre et tisser des liens avec les autres!<\/strong><\/p>\n<\/div><\/div>\n\n\n\n<h4 class=\"has-accent-2-color has-text-color wp-block-heading\"><\/h4>\n\n\n\n<p class=\"has-accent-2-color has-accent-1-background-color has-text-color has-background\"><strong>Aventure, d\u00e9couverte, voyage, d\u00e9fi sportif, rencontres et p\u00e9rip\u00e9ties<\/strong><\/p>\n\n\n\n<div class=\"wp-block-group is-layout-flow\"><div class=\"wp-block-group__inner-container\">\n<div style=\"height:71px\" aria-hidden=\"true\" class=\"wp-block-spacer\"><\/div>\n<\/div><\/div>\n\n\n\n<div class=\"wp-block-media-text alignwide has-media-on-the-right is-stacked-on-mobile is-vertically-aligned-center\"><figure class=\"wp-block-media-text__media\"><img decoding=\"async\" loading=\"lazy\" width=\"1024\" height=\"576\" src=\"http:\/\/mavoiemavie.fr\/wp-content\/uploads\/2022\/06\/KARS-TURQUIE-edited-1024x576.jpg\" alt=\"\" class=\"wp-image-600 size-full\" srcset=\"http:\/\/mavoiemavie.fr\/wp-content\/uploads\/2022\/06\/KARS-TURQUIE-edited-1024x576.jpg 1024w, http:\/\/mavoiemavie.fr\/wp-content\/uploads\/2022\/06\/KARS-TURQUIE-edited-300x169.jpg 300w, http:\/\/mavoiemavie.fr\/wp-content\/uploads\/2022\/06\/KARS-TURQUIE-edited-768x432.jpg 768w, http:\/\/mavoiemavie.fr\/wp-content\/uploads\/2022\/06\/KARS-TURQUIE-edited-1536x864.jpg 1536w, http:\/\/mavoiemavie.fr\/wp-content\/uploads\/2022\/06\/KARS-TURQUIE-edited-2048x1153.jpg 2048w, http:\/\/mavoiemavie.fr\/wp-content\/uploads\/2022\/06\/KARS-TURQUIE-edited-496x279.jpg 496w\" sizes=\"(max-width: 1024px) 100vw, 1024px\" \/><\/figure><div class=\"wp-block-media-text__content\">\n<h4 class=\"has-accent-2-color has-text-color wp-block-heading\"><strong><a href=\"http:\/\/mavoiemavie.fr\/index.php\/conferences\/\" data-type=\"URL\" data-id=\"http:\/\/mavoiemavie.fr\/index.php\/conferences\/\">Mes conf\u00e9rences<\/a> <\/strong><\/h4>\n\n\n\n<h4 class=\"has-accent-2-color has-text-color wp-block-heading\"><strong>avec J\u00e9r\u00f4me Bergami, \u00e9crivain-voyageur<\/strong><\/h4>\n\n\n\n<p class=\"has-headings-color has-text-color has-large-font-size\">Rencontres &#8211; Conf\u00e9rences<\/p>\n\n\n\n<p>Les conf\u00e9rences-rencontres que je vous propose sont le fruit de l\u2019action que nous menons depuis 2014 \u00e0 travers le monde mon \u00e9poux et moi-m\u00eame. Cette action s\u2019appelle La Terre en Marche : 8.300 kilom\u00e8tres parcourus \u00e0 pied en Europe, Asie et Afrique. D\u2019homme \u00e0 homme, de culture en culture, de peuple en peuple, nous marchons, la terre des cinq continents accroch\u00e9e \u00e0 notre ceinture dans deux bourses en cuir. Nous organisons dans tous les pays travers\u00e9s des c\u00e9r\u00e9monies de partage de la terre. Villages, \u00e9coles, centres culturels, universit\u00e9s&nbsp;: nous offrons la terre du monde aux populations qui en retour d\u00e9posent dans nos bourses la terre de leur pays, de leur histoire, de leurs racines.<\/p>\n<\/div><\/div>\n\n\n\n<div style=\"height:42px\" aria-hidden=\"true\" class=\"wp-block-spacer\"><\/div>\n\n\n\n<div class=\"wp-block-media-text alignwide has-media-on-the-right is-stacked-on-mobile is-vertically-aligned-center is-style-default\" style=\"grid-template-columns:auto 48%\"><figure class=\"wp-block-media-text__media\"><img decoding=\"async\" loading=\"lazy\" width=\"1024\" height=\"682\" src=\"http:\/\/mavoiemavie.fr\/wp-content\/uploads\/2022\/04\/TURQUIE-1-1024x682.jpg\" alt=\"\" class=\"wp-image-312 size-full\" srcset=\"http:\/\/mavoiemavie.fr\/wp-content\/uploads\/2022\/04\/TURQUIE-1-1024x682.jpg 1024w, http:\/\/mavoiemavie.fr\/wp-content\/uploads\/2022\/04\/TURQUIE-1-300x200.jpg 300w, http:\/\/mavoiemavie.fr\/wp-content\/uploads\/2022\/04\/TURQUIE-1-768x511.jpg 768w, http:\/\/mavoiemavie.fr\/wp-content\/uploads\/2022\/04\/TURQUIE-1-1536x1023.jpg 1536w, http:\/\/mavoiemavie.fr\/wp-content\/uploads\/2022\/04\/TURQUIE-1-2048x1364.jpg 2048w, http:\/\/mavoiemavie.fr\/wp-content\/uploads\/2022\/04\/TURQUIE-1-450x300.jpg 450w\" sizes=\"(max-width: 1024px) 100vw, 1024px\" \/><\/figure><div class=\"wp-block-media-text__content\">\n<h4 class=\"has-accent-2-color has-text-color wp-block-heading\"><strong><a href=\"http:\/\/mavoiemavie.fr\/index.php\/ateliers\/\" data-type=\"URL\" data-id=\"http:\/\/mavoiemavie.fr\/index.php\/ateliers\/\">Mes ateliers<\/a><\/strong><\/h4>\n\n\n\n<p class=\"has-headings-color has-text-color has-large-font-size\">Ateliers et animations<\/p>\n\n\n\n<p>Partez en marche pour \u00e9veiller vos sens, r\u00e9apprendre \u00e0 appr\u00e9cier la nature et ses bienfaits! Lors de ces ateliers, nous partons activer notre bien-\u00eatre par l&#8217;exploration de la nature et de la route par nos 5 sens ! <\/p>\n\n\n\n<p>Nous partirons aussi \u00e0 la d\u00e9couverte du monde \u00e0 pied, avec du courage et de la motivation! Qu&#8217;est-ce qui motive l&#8217;\u00eatre humain \u00e0 se mouvoir! Comment par le fait de bouger, de changer d&#8217;environnement, de partir \u00e0 l&#8217;inconnu, nous gardons une vision active et pertinente de notre vie!<\/p>\n\n\n\n<p>L&#8217;immersion culturelle, l&#8217;exp\u00e9rience de terrain sur 3 continents, j&#8217;ai envie de partager avec vous mes p\u00e9rip\u00e9ties, en couple et en famille! Comment de voyager cela m&#8217;a ouvert l&#8217;esprit, m&#8217;a permis d&#8217;aller plus loin! <\/p>\n<\/div><\/div>\n","protected":false},"excerpt":{"rendered":"<p>Bienvenue \u00e0 toutes et \u00e0 tous ! Je m&#8217;appelle Sabina Augusta Bergami et j&#8217;ai l&#8217;immense plaisir de vous inviter sur Ma Voie Ma Vie, l&#8217;entreprise &hellip;<\/p>\n","protected":false},"author":1,"featured_media":0,"parent":0,"menu_order":0,"comment_status":"closed","ping_status":"closed","template":"","meta":{"_coblocks_attr":"","_coblocks_dimensions":"","_coblocks_responsive_height":"","_coblocks_accordion_ie_support":""},"_links":{"self":[{"href":"http:\/\/mavoiemavie.fr\/index.php\/wp-json\/wp\/v2\/pages\/12"}],"collection":[{"href":"http:\/\/mavoiemavie.fr\/index.php\/wp-json\/wp\/v2\/pages"}],"about":[{"href":"http:\/\/mavoiemavie.fr\/index.php\/wp-json\/wp\/v2\/types\/page"}],"author":[{"embeddable":true,"href":"http:\/\/mavoiemavie.fr\/index.php\/wp-json\/wp\/v2\/users\/1"}],"replies":[{"embeddable":true,"href":"http:\/\/mavoiemavie.fr\/index.php\/wp-json\/wp\/v2\/comments?post=12"}],"version-history":[{"count":65,"href":"http:\/\/mavoiemavie.fr\/index.php\/wp-json\/wp\/v2\/pages\/12\/revisions"}],"predecessor-version":[{"id":773,"href":"http:\/\/mavoiemavie.fr\/index.php\/wp-json\/wp\/v2\/pages\/12\/revisions\/773"}],"wp:attachment":[{"href":"http:\/\/mavoiemavie.fr\/index.php\/wp-json\/wp\/v2\/media?parent=12"}],"curies":[{"name":"wp","href":"https:\/\/api.w.org\/{rel}","templated":true}]}}

<h2 class="wp-block-heading" style="font-size:16px">Bienvenue à toutes et à tous ! </h2>



<blockquote class="wp-block-quote" style="font-size:16px"><p></p><cite><strong>Je m&#8217;appelle Sabina Augusta Bergami et j&#8217;ai l&#8217;immense plaisir de vous inviter sur Ma Voie Ma Vie, l&#8217;entreprise que j&#8217;ai créée! Je me suis lancée dans l&#8217;aventure entrepreneuriale grâce et parce que les rencontres que j&#8217;ai faites tout au long de mon parcours professionnel et de vie m&#8217;ont encouragée à m&#8217;envoler de mes propres ailes!</strong></cite></blockquote>



<p style="font-size:16px">Ma Voie Ma Vie c&#8217;est la joie d&#8217;un nouveau départ, la joie d&#8217;être soi et de transmettre aux autres sa voie par sa voix ! Avec ma fibre enseignante, mon parcours professionnel éclectique et mes voyages, j&#8217;ai franchi le cap et je vous propose des :</p>



<p class="has-text-align-center has-accent-1-color has-accent-2-background-color has-text-color has-background has-large-font-size"><strong>CONFERENCES, ATELIERS ET ANIMATIONS </strong></p>



<p>Dans mes <strong>conférences</strong> et <strong>ateliers</strong>, je vous invite à la découverte d&#8217;un parcours à part, je vous invite à voyager, à partir à l&#8217;aventure, à vous dépasser, en confiance! C&#8217;est l&#8217;aventure d&#8217;une femme qui part à la conquête de la planète à pied en compagnie de son époux et partenaire de projet! Elle apprend tant de choses sur le terrain qu&#8217;il ne lui reste qu&#8217;une chose à faire! A le transmettre aux autres! L&#8217;envie de partager, l&#8217;envie de donner envie!  </p>



<p id="La-Terre-en-Marche"><a href="http://mavoiemavie.fr/index.php/la-terre-en-marche/" data-type="URL" data-id="http://mavoiemavie.fr/index.php/la-terre-en-marche/">La Terre en Marche</a>, oui, oui, c&#8217;est une véritable aventure de découverte et d&#8217;exploration du monde à pied! Autant nous partons dans un voyage culturel, historique et sportif, que dans une quête existentielle ! Je cofonde cette association et projet pédagogique avec mon époux, Jérôme Bergami, écrivain aventurier en 2013! Nous mettons sur pied un projet fou de parcourir la route de la Soie à pied en deux ans! Ensemble nous partons parcourir 8.300 kilomètres sur trois continents, munis de deux bourses en cuir, remplies de la terre des cinq continents! Deux expéditions ont vu le jour : </p>



<ul><li><strong>La Terre en Marche 1</strong>: 2 ans et 6.000 kilomètres le long de la route de la Soie, 20 juin 2014- 3 juin 2016, depuis Venise à la frontière kirghizo-chinoise!</li><li><strong>La Terre en Marche 2</strong> : 10 mois d&#8217;aventure en Afrique de l&#8217;Est et Australe, 2300 kilomètres et 4 pays traversés à pied en 2019, avec notre petite fille sur le dos et un chariot de traction de 40 kilos de matériel</li></ul>



<div class="wp-block-cover is-light has-parallax is-style-bottom-wave" style="background-image:url(http://mavoiemavie.fr/wp-content/uploads/2022/05/Sabina_Turquie_a-pied.jpg)"><span aria-hidden="true" class="wp-block-cover__background has-background-dim-10 has-background-dim"></span><div class="wp-block-cover__inner-container">
<p class="has-text-align-left has-headings-color has-text-color has-background" style="background-color:#ffffff8f;font-size:16px"><strong>Nous ferons la connaissance de centaines de personnes, dans différents pays en Europe, Asie et Afrique ! Je vous propose une incursion dans ce voyage ! Le voyage qui nous questionne dans nos plus profondes motivations! Le voyage qui nous met à rude épreuve et nous pousse à savoir de quoi nous sommes capables! Il nous teste les limites physiques et mentales! Je vous propose des ateliers soft skills et bien-être &#8211; où nous partirons marcher en éveil des sens, où nous parlerons aventure et mouvement, résilience et courage, où nous irons cueillir la terre et tisser des liens avec les autres!</strong></p>
</div></div>



<h4 class="has-accent-2-color has-text-color wp-block-heading"></h4>



<p class="has-accent-2-color has-accent-1-background-color has-text-color has-background"><strong>Aventure, découverte, voyage, défi sportif, rencontres et péripéties</strong></p>



<div class="wp-block-group is-layout-flow"><div class="wp-block-group__inner-container">
<div style="height:71px" aria-hidden="true" class="wp-block-spacer"></div>
</div></div>



<div class="wp-block-media-text alignwide has-media-on-the-right is-stacked-on-mobile is-vertically-aligned-center"><figure class="wp-block-media-text__media"><img decoding="async" loading="lazy" width="1024" height="576" src="http://mavoiemavie.fr/wp-content/uploads/2022/06/KARS-TURQUIE-edited-1024x576.jpg" alt="" class="wp-image-600 size-full" srcset="http://mavoiemavie.fr/wp-content/uploads/2022/06/KARS-TURQUIE-edited-1024x576.jpg 1024w, http://mavoiemavie.fr/wp-content/uploads/2022/06/KARS-TURQUIE-edited-300x169.jpg 300w, http://mavoiemavie.fr/wp-content/uploads/2022/06/KARS-TURQUIE-edited-768x432.jpg 768w, http://mavoiemavie.fr/wp-content/uploads/2022/06/KARS-TURQUIE-edited-1536x864.jpg 1536w, http://mavoiemavie.fr/wp-content/uploads/2022/06/KARS-TURQUIE-edited-2048x1153.jpg 2048w, http://mavoiemavie.fr/wp-content/uploads/2022/06/KARS-TURQUIE-edited-496x279.jpg 496w" sizes="(max-width: 1024px) 100vw, 1024px" /></figure><div class="wp-block-media-text__content">
<h4 class="has-accent-2-color has-text-color wp-block-heading"><strong><a href="http://mavoiemavie.fr/index.php/conferences/" data-type="URL" data-id="http://mavoiemavie.fr/index.php/conferences/">Mes conférences</a> </strong></h4>



<h4 class="has-accent-2-color has-text-color wp-block-heading"><strong>avec Jérôme Bergami, écrivain-voyageur</strong></h4>



<p class="has-headings-color has-text-color has-large-font-size">Rencontres &#8211; Conférences</p>



<p>Les conférences-rencontres que je vous propose sont le fruit de l’action que nous menons depuis 2014 à travers le monde mon époux et moi-même. Cette action s’appelle La Terre en Marche : 8.300 kilomètres parcourus à pied en Europe, Asie et Afrique. D’homme à homme, de culture en culture, de peuple en peuple, nous marchons, la terre des cinq continents accrochée à notre ceinture dans deux bourses en cuir. Nous organisons dans tous les pays traversés des cérémonies de partage de la terre. Villages, écoles, centres culturels, universités&nbsp;: nous offrons la terre du monde aux populations qui en retour déposent dans nos bourses la terre de leur pays, de leur histoire, de leurs racines.</p>
</div></div>



<div style="height:42px" aria-hidden="true" class="wp-block-spacer"></div>



<div class="wp-block-media-text alignwide has-media-on-the-right is-stacked-on-mobile is-vertically-aligned-center is-style-default" style="grid-template-columns:auto 48%"><figure class="wp-block-media-text__media"><img decoding="async" loading="lazy" width="1024" height="682" src="http://mavoiemavie.fr/wp-content/uploads/2022/04/TURQUIE-1-1024x682.jpg" alt="" class="wp-image-312 size-full" srcset="http://mavoiemavie.fr/wp-content/uploads/2022/04/TURQUIE-1-1024x682.jpg 1024w, http://mavoiemavie.fr/wp-content/uploads/2022/04/TURQUIE-1-300x200.jpg 300w, http://mavoiemavie.fr/wp-content/uploads/2022/04/TURQUIE-1-768x511.jpg 768w, http://mavoiemavie.fr/wp-content/uploads/2022/04/TURQUIE-1-1536x1023.jpg 1536w, http://mavoiemavie.fr/wp-content/uploads/2022/04/TURQUIE-1-2048x1364.jpg 2048w, http://mavoiemavie.fr/wp-content/uploads/2022/04/TURQUIE-1-450x300.jpg 450w" sizes="(max-width: 1024px) 100vw, 1024px" /></figure><div class="wp-block-media-text__content">
<h4 class="has-accent-2-color has-text-color wp-block-heading"><strong><a href="http://mavoiemavie.fr/index.php/ateliers/" data-type="URL" data-id="http://mavoiemavie.fr/index.php/ateliers/">Mes ateliers</a></strong></h4>



<p class="has-headings-color has-text-color has-large-font-size">Ateliers et animations</p>



<p>Partez en marche pour éveiller vos sens, réapprendre à apprécier la nature et ses bienfaits! Lors de ces ateliers, nous partons activer notre bien-être par l&#8217;exploration de la nature et de la route par nos 5 sens ! </p>



<p>Nous partirons aussi à la découverte du monde à pied, avec du courage et de la motivation! Qu&#8217;est-ce qui motive l&#8217;être humain à se mouvoir! Comment par le fait de bouger, de changer d&#8217;environnement, de partir à l&#8217;inconnu, nous gardons une vision active et pertinente de notre vie!</p>



<p>L&#8217;immersion culturelle, l&#8217;expérience de terrain sur 3 continents, j&#8217;ai envie de partager avec vous mes péripéties, en couple et en famille! Comment de voyager cela m&#8217;a ouvert l&#8217;esprit, m&#8217;a permis d&#8217;aller plus loin! </p>
</div></div>

<p>Bienvenue à toutes et à tous ! Je m&#8217;appelle Sabina Augusta Bergami et j&#8217;ai l&#8217;immense plaisir de vous inviter sur Ma Voie Ma Vie, l&#8217;entreprise &hellip;</p>
