{"id":107,"date":"2022-04-21T15:14:02","date_gmt":"2022-04-21T13:14:02","guid":{"rendered":"http:\/\/mavoiemavie.fr\/?page_id=107"},"modified":"2022-07-01T09:23:35","modified_gmt":"2022-07-01T07:23:35","slug":"conferences","status":"publish","type":"page","link":"http:\/\/mavoiemavie.fr\/index.php\/conferences\/","title":{"rendered":"Conf\u00e9rences"},"content":{"rendered":"\n<p class=\"has-text-align-center has-accent-2-color has-accent-1-background-color has-text-color has-background has-large-font-size\"><strong>PARTAGER, TEMOIGNER, ENSEIGNER<\/strong><\/p>\n\n\n\n<p class=\"has-text-align-center\" style=\"font-size:20px\">Mes conf\u00e9rences sont le fruit de 20 ans d&#8217;exp\u00e9riences de vie professionnelle, de voyages et d&#8217;exp\u00e9ditions p\u00e9destres !<\/p>\n\n\n\n<p class=\"has-text-align-left\" style=\"font-size:20px\">Un matin de printemps en 2015, alors que je marche sur les plateaux turcs, je r\u00e9alise que je dois parler de ce que j&#8217;exp\u00e9rimente. Que je me dois de faire un retour de ces exploits sportifs et humains! Le voyage \u00e0 pied n&#8217;est pas comme les autres! C&#8217;est un engagement, une exp\u00e9rience \u00e0 offrir aux autres, au service de tous! <\/p>\n\n\n\n<div class=\"wp-block-columns is-layout-flex wp-container-3\">\n<div class=\"wp-block-column is-layout-flow\">\n<p>Au d\u00e9part, il y a eu le projet p\u00e9dagogique La Terre en Marche, sous forme d&#8217;association. Nous avions besoin d&#8217;un nom, d&#8217;une structure pour rencontrer les enfants sur la route de la Soie. Par la suite, c&#8217;est devenu une raison de vivre! Apr\u00e8s avoir rencontr\u00e9 26 \u00e9coles et universit\u00e9s en 2 ans, au retour en France en 2016, l&#8217;\u00e9vidence s&#8217;est impos\u00e9e \u00e0 moi et mon partenaire. Nous devons continuer \u00e0 partager cette aventure! Alors les rencontres-conf\u00e9rences La Terre en Marche sont n\u00e9es !<\/p>\n<\/div>\n\n\n\n<div class=\"wp-block-column is-layout-flow\">\n<p>Ce geste de partage et d&#8217;\u00e9change de la terre avait un sens pour chaque personne qui croisait notre chemin! Dans tous les milieux qui soit : scolaire et universitaire, entrepreuneurial, culturel, associatif, le milieu hospitalier et des seniors!  A nous de le faire parler! Et pour chaque type de public, le faire parler sa langue! Comme nous avons trouv\u00e9 les ressources en nous d&#8217;apprendre la langue des pays que nous traversions, il fallait trouver l&#8217;axe pour chaque public. <\/p>\n<\/div>\n<\/div>\n\n\n<div class=\"wp-block-image is-style-rounded\">\n<figure class=\"aligncenter size-full is-resized\"><img decoding=\"async\" loading=\"lazy\" src=\"http:\/\/mavoiemavie.fr\/wp-content\/uploads\/2022\/04\/MVI_6699_Moment.jpg\" alt=\"\" class=\"wp-image-445\" width=\"640\" height=\"360\" srcset=\"http:\/\/mavoiemavie.fr\/wp-content\/uploads\/2022\/04\/MVI_6699_Moment.jpg 1280w, http:\/\/mavoiemavie.fr\/wp-content\/uploads\/2022\/04\/MVI_6699_Moment-300x169.jpg 300w, http:\/\/mavoiemavie.fr\/wp-content\/uploads\/2022\/04\/MVI_6699_Moment-1024x576.jpg 1024w, http:\/\/mavoiemavie.fr\/wp-content\/uploads\/2022\/04\/MVI_6699_Moment-768x432.jpg 768w, http:\/\/mavoiemavie.fr\/wp-content\/uploads\/2022\/04\/MVI_6699_Moment-496x279.jpg 496w\" sizes=\"(max-width: 640px) 100vw, 640px\" \/><figcaption>En Ethiopie, 2019 avec notre fille, pr\u00e8s de Lalibela, lieu saint de p\u00e8lerinage des \u00e9thiopiens <\/figcaption><\/figure><\/div>\n\n\n<p style=\"font-size:20px\">Gr\u00e2ce \u00e0 ces conf\u00e9rences, les managers et les \u00e9quipes en entreprise, les \u00e9tudiants et le grand public pourront d\u00e9couvrir une d\u00e9marche pleine de sens pour soi et les autres. Ils sauront que des exploits sont r\u00e9alisables tant que nous croyons en nous et sortis de la salle, ils resteront avec une image de courage, de volont\u00e9 et de pers\u00e9v\u00e9rance!<\/p>\n\n\n\n<div class=\"wp-block-columns is-layout-flex wp-container-10\">\n<div class=\"wp-block-column is-layout-flow\">\n<h4 class=\"has-text-align-center wp-block-heading\">Entreprise<\/h4>\n\n\n\n<p>Manageurs, voyager c&#8217;est cr\u00e9er et amener des projets \u00e0 leur terme. Coh\u00e9sion d&#8217;\u00e9quipe, courage, adaptabilit\u00e9, communication de groupe!&#8230; <\/p>\n\n\n\n<div class=\"wp-block-buttons is-layout-flex\">\n<div class=\"wp-block-button aligncenter has-custom-font-size is-style-outline has-small-font-size\" id=\"conf\u00e9rence-entreprise\"><a class=\"wp-block-button__link\" href=\"http:\/\/mavoiemavie.fr\/index.php\/professionnels\/\" style=\"border-radius:18px\" target=\"_blank\" rel=\"noreferrer noopener\">Aller plus loin<\/a><\/div>\n<\/div>\n<\/div>\n\n\n\n<div class=\"wp-block-column is-layout-flow\">\n<h4 class=\"has-text-align-center wp-block-heading\">Ecole et universit\u00e9<\/h4>\n\n\n\n<p>L&#8217;\u00e9ducation c&#8217;est l&#8217;espace o\u00f9 l&#8217;on b\u00e2tit l&#8217;\u00eatre humain en compl\u00e9mentarit\u00e9 avec la famille et la soci\u00e9t\u00e9. Rencontrer les \u00e9l\u00e8ves et les \u00e9tudiants&#8230; <\/p>\n\n\n\n<div class=\"wp-block-buttons is-layout-flex\">\n<div class=\"wp-block-button aligncenter has-custom-font-size is-style-outline has-small-font-size\"><a class=\"wp-block-button__link\" href=\"http:\/\/mavoiemavie.fr\/index.php\/scolaire-universitaire-2\/\" target=\"_blank\" rel=\"noreferrer noopener\">Aller plus loin<\/a><\/div>\n<\/div>\n<\/div>\n\n\n\n<div class=\"wp-block-column is-layout-flow\">\n<h4 class=\"has-text-align-center wp-block-heading\">Grand public<\/h4>\n\n\n\n<p>Partir \u00e0 l&#8217;aventure, raconter, faire r\u00eaver! C&#8217;est une raison en soi de rencontrer le grand public en office de tourisme, association, festivals, salons,&#8230;   <\/p>\n\n\n\n<div class=\"wp-block-buttons is-layout-flex\">\n<div class=\"wp-block-button aligncenter has-custom-font-size is-style-outline has-small-font-size\"><a class=\"wp-block-button__link\" href=\"http:\/\/mavoiemavie.fr\/index.php\/grand-public-2\/\" target=\"_blank\" rel=\"noreferrer noopener\">Aller plus loin<\/a><\/div>\n<\/div>\n<\/div>\n<\/div>\n\n\n\n<hr class=\"wp-block-separator has-alpha-channel-opacity is-style-dots\"\/>\n\n\n\n<div style=\"height:31px\" aria-hidden=\"true\" class=\"wp-block-spacer\"><\/div>\n\n\n\n<div class=\"wp-block-columns is-layout-flex wp-container-13\">\n<div class=\"wp-block-column is-layout-flow\">\n<h5 class=\"has-text-align-center has-accent-2-color has-text-color wp-block-heading\">La Terre en Marche 1<\/h5>\n\n\n<div class=\"wp-block-image is-style-bottom-wave\">\n<figure class=\"aligncenter size-large is-resized\"><img decoding=\"async\" loading=\"lazy\" src=\"http:\/\/mavoiemavie.fr\/wp-content\/uploads\/2022\/04\/IMG_0428-768x1024.jpg\" alt=\"\" class=\"wp-image-318\" width=\"384\" height=\"512\" srcset=\"http:\/\/mavoiemavie.fr\/wp-content\/uploads\/2022\/04\/IMG_0428-768x1024.jpg 768w, http:\/\/mavoiemavie.fr\/wp-content\/uploads\/2022\/04\/IMG_0428-225x300.jpg 225w, http:\/\/mavoiemavie.fr\/wp-content\/uploads\/2022\/04\/IMG_0428-1152x1536.jpg 1152w, http:\/\/mavoiemavie.fr\/wp-content\/uploads\/2022\/04\/IMG_0428-1536x2048.jpg 1536w, http:\/\/mavoiemavie.fr\/wp-content\/uploads\/2022\/04\/IMG_0428-scaled.jpg 1920w\" sizes=\"(max-width: 384px) 100vw, 384px\" \/><figcaption>Maison natale de Marco Polo Place del Milione, Venise, juin 2014<\/figcaption><\/figure><\/div><\/div>\n\n\n\n<div class=\"wp-block-column is-layout-flow\">\n<h5 class=\"has-text-align-center has-accent-2-color has-text-color wp-block-heading\">La Terre en Marche 2<\/h5>\n\n\n<div class=\"wp-block-image is-style-bottom-wave\">\n<figure class=\"aligncenter size-large is-resized mt-0\"><img decoding=\"async\" loading=\"lazy\" src=\"http:\/\/mavoiemavie.fr\/wp-content\/uploads\/2022\/04\/IMG_20190609_133726-768x1024.jpg\" alt=\"\" class=\"wp-image-224\" width=\"384\" height=\"512\" srcset=\"http:\/\/mavoiemavie.fr\/wp-content\/uploads\/2022\/04\/IMG_20190609_133726-768x1024.jpg 768w, http:\/\/mavoiemavie.fr\/wp-content\/uploads\/2022\/04\/IMG_20190609_133726-225x300.jpg 225w, http:\/\/mavoiemavie.fr\/wp-content\/uploads\/2022\/04\/IMG_20190609_133726-1152x1536.jpg 1152w, http:\/\/mavoiemavie.fr\/wp-content\/uploads\/2022\/04\/IMG_20190609_133726-1536x2048.jpg 1536w, http:\/\/mavoiemavie.fr\/wp-content\/uploads\/2022\/04\/IMG_20190609_133726-scaled.jpg 1920w\" sizes=\"(max-width: 384px) 100vw, 384px\" \/><figcaption>Sur les routes de l&#8217;Afrique de l&#8217;Est, 2019<\/figcaption><\/figure><\/div><\/div>\n<\/div>\n\n\n\n<div class=\"wp-block-columns is-layout-flex wp-container-17\">\n<div class=\"wp-block-column is-layout-flow\">\n<h5 class=\"wp-block-heading\">Partir en voyage \u00e0 pied en famille<\/h5>\n\n\n\n<figure class=\"wp-block-image size-large is-style-bottom-wave\"><img decoding=\"async\" loading=\"lazy\" width=\"1024\" height=\"576\" src=\"http:\/\/mavoiemavie.fr\/wp-content\/uploads\/2022\/04\/IMG_8671-Copie-1024x576.jpg\" alt=\"\" class=\"wp-image-220\" srcset=\"http:\/\/mavoiemavie.fr\/wp-content\/uploads\/2022\/04\/IMG_8671-Copie-1024x576.jpg 1024w, http:\/\/mavoiemavie.fr\/wp-content\/uploads\/2022\/04\/IMG_8671-Copie-300x169.jpg 300w, http:\/\/mavoiemavie.fr\/wp-content\/uploads\/2022\/04\/IMG_8671-Copie-768x432.jpg 768w, http:\/\/mavoiemavie.fr\/wp-content\/uploads\/2022\/04\/IMG_8671-Copie-1536x864.jpg 1536w, http:\/\/mavoiemavie.fr\/wp-content\/uploads\/2022\/04\/IMG_8671-Copie-2048x1152.jpg 2048w, http:\/\/mavoiemavie.fr\/wp-content\/uploads\/2022\/04\/IMG_8671-Copie-496x279.jpg 496w\" sizes=\"(max-width: 1024px) 100vw, 1024px\" \/><\/figure>\n<\/div>\n\n\n\n<div class=\"wp-block-column is-layout-flow\">\n<h5 class=\"wp-block-heading\">Immersion culturelle en voyage \u00e0 pied<\/h5>\n\n\n\n<figure class=\"wp-block-image size-large is-style-bottom-wave\"><img decoding=\"async\" loading=\"lazy\" width=\"2560\" height=\"1439\" src=\"http:\/\/mavoiemavie.fr\/wp-content\/uploads\/2022\/06\/GUIDE-TOURISTIQUES-IRAN-edited-scaled.jpg\" alt=\"\" class=\"wp-image-602\" srcset=\"http:\/\/mavoiemavie.fr\/wp-content\/uploads\/2022\/06\/GUIDE-TOURISTIQUES-IRAN-edited-scaled.jpg 2560w, http:\/\/mavoiemavie.fr\/wp-content\/uploads\/2022\/06\/GUIDE-TOURISTIQUES-IRAN-edited-300x169.jpg 300w, http:\/\/mavoiemavie.fr\/wp-content\/uploads\/2022\/06\/GUIDE-TOURISTIQUES-IRAN-edited-1024x575.jpg 1024w, http:\/\/mavoiemavie.fr\/wp-content\/uploads\/2022\/06\/GUIDE-TOURISTIQUES-IRAN-edited-768x432.jpg 768w, http:\/\/mavoiemavie.fr\/wp-content\/uploads\/2022\/06\/GUIDE-TOURISTIQUES-IRAN-edited-1536x863.jpg 1536w, http:\/\/mavoiemavie.fr\/wp-content\/uploads\/2022\/06\/GUIDE-TOURISTIQUES-IRAN-edited-2048x1151.jpg 2048w, http:\/\/mavoiemavie.fr\/wp-content\/uploads\/2022\/06\/GUIDE-TOURISTIQUES-IRAN-edited-496x279.jpg 496w\" sizes=\"(max-width: 2560px) 100vw, 2560px\" \/><\/figure>\n<\/div>\n\n\n\n<div class=\"wp-block-column is-layout-flow\">\n<h5 class=\"wp-block-heading\">Vivre le changement sur la route<\/h5>\n\n\n\n<figure class=\"wp-block-image size-large is-style-bottom-wave\"><img decoding=\"async\" loading=\"lazy\" width=\"2560\" height=\"1439\" src=\"http:\/\/mavoiemavie.fr\/wp-content\/uploads\/2022\/06\/IMG_7182-edited-scaled.jpg\" alt=\"\" class=\"wp-image-603\" srcset=\"http:\/\/mavoiemavie.fr\/wp-content\/uploads\/2022\/06\/IMG_7182-edited-scaled.jpg 2560w, http:\/\/mavoiemavie.fr\/wp-content\/uploads\/2022\/06\/IMG_7182-edited-300x169.jpg 300w, http:\/\/mavoiemavie.fr\/wp-content\/uploads\/2022\/06\/IMG_7182-edited-1024x575.jpg 1024w, http:\/\/mavoiemavie.fr\/wp-content\/uploads\/2022\/06\/IMG_7182-edited-768x432.jpg 768w, http:\/\/mavoiemavie.fr\/wp-content\/uploads\/2022\/06\/IMG_7182-edited-1536x863.jpg 1536w, http:\/\/mavoiemavie.fr\/wp-content\/uploads\/2022\/06\/IMG_7182-edited-2048x1151.jpg 2048w, http:\/\/mavoiemavie.fr\/wp-content\/uploads\/2022\/06\/IMG_7182-edited-496x279.jpg 496w\" sizes=\"(max-width: 2560px) 100vw, 2560px\" \/><\/figure>\n<\/div>\n<\/div>\n","protected":false},"excerpt":{"rendered":"<p>PARTAGER, TEMOIGNER, ENSEIGNER Mes conf\u00e9rences sont le fruit de 20 ans d&#8217;exp\u00e9riences de vie professionnelle, de voyages et d&#8217;exp\u00e9ditions p\u00e9destres ! Un matin de printemps &hellip;<\/p>\n","protected":false},"author":1,"featured_media":0,"parent":0,"menu_order":0,"comment_status":"closed","ping_status":"closed","template":"","meta":{"_coblocks_attr":"","_coblocks_dimensions":"","_coblocks_responsive_height":"","_coblocks_accordion_ie_support":""},"_links":{"self":[{"href":"http:\/\/mavoiemavie.fr\/index.php\/wp-json\/wp\/v2\/pages\/107"}],"collection":[{"href":"http:\/\/mavoiemavie.fr\/index.php\/wp-json\/wp\/v2\/pages"}],"about":[{"href":"http:\/\/mavoiemavie.fr\/index.php\/wp-json\/wp\/v2\/types\/page"}],"author":[{"embeddable":true,"href":"http:\/\/mavoiemavie.fr\/index.php\/wp-json\/wp\/v2\/users\/1"}],"replies":[{"embeddable":true,"href":"http:\/\/mavoiemavie.fr\/index.php\/wp-json\/wp\/v2\/comments?post=107"}],"version-history":[{"count":56,"href":"http:\/\/mavoiemavie.fr\/index.php\/wp-json\/wp\/v2\/pages\/107\/revisions"}],"predecessor-version":[{"id":770,"href":"http:\/\/mavoiemavie.fr\/index.php\/wp-json\/wp\/v2\/pages\/107\/revisions\/770"}],"wp:attachment":[{"href":"http:\/\/mavoiemavie.fr\/index.php\/wp-json\/wp\/v2\/media?parent=107"}],"curies":[{"name":"wp","href":"https:\/\/api.w.org\/{rel}","templated":true}]}}