{"id":105,"date":"2022-04-21T15:13:30","date_gmt":"2022-04-21T13:13:30","guid":{"rendered":"http:\/\/mavoiemavie.fr\/?page_id=105"},"modified":"2022-07-01T08:34:24","modified_gmt":"2022-07-01T06:34:24","slug":"la-voyageuse","status":"publish","type":"page","link":"http:\/\/mavoiemavie.fr\/index.php\/la-voyageuse\/","title":{"rendered":"L&#8217;aventuri\u00e8re"},"content":{"rendered":"\n<div class=\"wp-block-columns is-layout-flex wp-container-3\">\n<div class=\"wp-block-column is-layout-flow\">\n<figure class=\"wp-block-pullquote has-border-color has-accent-1-border-color\"><blockquote><p>Les voyages forment la jeunesse.<\/p><p>Michel de Montaigne<\/p><\/blockquote><\/figure>\n<\/div>\n\n\n\n<div class=\"wp-block-column is-layout-flow\">\n<p class=\"has-text-align-left has-accent-2-color has-accent-1-background-color has-text-color has-background\" style=\"font-size:20px;font-style:normal;font-weight:500\">Partir c&#8217;est se red\u00e9couvrir! <\/p>\n\n\n\n<p class=\"has-text-align-left has-accent-2-color has-accent-1-background-color has-text-color has-background\" style=\"font-size:20px;font-style:normal;font-weight:500\">Je l&#8217;ai compris quand j&#8217;ai pris la route une ni\u00e8me fois et je me suis r\u00e9invent\u00e9e tout autant de fois \ud83d\ude09<\/p>\n\n\n\n<p><\/p>\n<\/div>\n<\/div>\n\n\n\n<p class=\"has-text-align-center has-accent-1-color has-accent-2-background-color has-text-color has-background has-normal-font-size\" style=\"font-style:normal;font-weight:500;text-transform:uppercase;letter-spacing:3px\">J&#8217;en ai fait mon cr\u00e9do! Mon mode de vie, le fil rouge de mon existence! <\/p>\n\n\n\n<div class=\"wp-block-columns is-layout-flex wp-container-7\">\n<div class=\"wp-block-column is-layout-flow\"><div class=\"wp-block-image is-style-rounded\">\n<figure class=\"aligncenter size-thumbnail\"><img decoding=\"async\" loading=\"lazy\" width=\"150\" height=\"150\" src=\"http:\/\/mavoiemavie.fr\/wp-content\/uploads\/2022\/04\/IMG_0968-150x150.jpg\" alt=\"\" class=\"wp-image-389\"\/><\/figure><\/div><\/div>\n\n\n\n<div class=\"wp-block-column is-layout-flow\"><div class=\"wp-block-image is-style-rounded\">\n<figure class=\"aligncenter size-thumbnail\"><img decoding=\"async\" loading=\"lazy\" width=\"150\" height=\"150\" src=\"http:\/\/mavoiemavie.fr\/wp-content\/uploads\/2022\/04\/IMG_0694-150x150.jpg\" alt=\"\" class=\"wp-image-390\"\/><\/figure><\/div><\/div>\n\n\n\n<div class=\"wp-block-column is-layout-flow\"><div class=\"wp-block-image is-style-rounded\">\n<figure class=\"aligncenter size-thumbnail\"><img decoding=\"async\" loading=\"lazy\" width=\"150\" height=\"150\" src=\"http:\/\/mavoiemavie.fr\/wp-content\/uploads\/2022\/04\/IMG_7038-150x150.jpg\" alt=\"\" class=\"wp-image-391\"\/><\/figure><\/div><\/div>\n<\/div>\n\n\n\n<p>Mais oh combien de fois, le voyage m&#8217;a interpell\u00e9e!! Es-tu s\u00fbre de vouloir continuer? Oh, la raison dit non! Un non s\u00fbr et certain! Mais l&#8217;esprit vagabond et r\u00eaveur me pousse \u00e0 continuer, \u00e0 ne jamais m&#8217;arr\u00eater et repartir \u00e0 la d\u00e9couverte, en vadrouille.<\/p>\n\n\n\n<p>La route est parfois parsem\u00e9e d&#8217;emb\u00fbches, de doutes, de questionnements. Je me suis toujours sentie en voyage! Et depuis que j&#8217;ai rencontr\u00e9 mon futur mari, je suis r\u00e9ellement partie sillonner la plan\u00e8te! Avec lui, nous arpentons les routes, nous alignons les moyens de transport! Je pars me faire des ampoules au pied, mais dans la joie du couple qui se soude \ud83d\ude42<\/p>\n\n\n\n<figure class=\"wp-block-gallery has-nested-images columns-default is-cropped wp-block-gallery-8 is-layout-flex\">\n<figure class=\"wp-block-image size-large\"><img decoding=\"async\" loading=\"lazy\" width=\"1024\" height=\"768\" data-id=\"379\"  src=\"http:\/\/mavoiemavie.fr\/wp-content\/uploads\/2022\/04\/IMG_0965-1024x768.jpg\" alt=\"\" class=\"wp-image-379\" srcset=\"http:\/\/mavoiemavie.fr\/wp-content\/uploads\/2022\/04\/IMG_0965-1024x768.jpg 1024w, http:\/\/mavoiemavie.fr\/wp-content\/uploads\/2022\/04\/IMG_0965-300x225.jpg 300w, http:\/\/mavoiemavie.fr\/wp-content\/uploads\/2022\/04\/IMG_0965-768x576.jpg 768w, http:\/\/mavoiemavie.fr\/wp-content\/uploads\/2022\/04\/IMG_0965-1536x1152.jpg 1536w, http:\/\/mavoiemavie.fr\/wp-content\/uploads\/2022\/04\/IMG_0965-2048x1536.jpg 2048w, http:\/\/mavoiemavie.fr\/wp-content\/uploads\/2022\/04\/IMG_0965-400x300.jpg 400w\" sizes=\"(max-width: 1024px) 100vw, 1024px\" \/><\/figure>\n\n\n\n<figure class=\"wp-block-image size-large\"><img decoding=\"async\" loading=\"lazy\" width=\"1024\" height=\"768\" data-id=\"380\"  src=\"http:\/\/mavoiemavie.fr\/wp-content\/uploads\/2022\/04\/IMG_1029-1-1024x768.jpg\" alt=\"\" class=\"wp-image-380\" srcset=\"http:\/\/mavoiemavie.fr\/wp-content\/uploads\/2022\/04\/IMG_1029-1-1024x768.jpg 1024w, http:\/\/mavoiemavie.fr\/wp-content\/uploads\/2022\/04\/IMG_1029-1-300x225.jpg 300w, http:\/\/mavoiemavie.fr\/wp-content\/uploads\/2022\/04\/IMG_1029-1-768x576.jpg 768w, http:\/\/mavoiemavie.fr\/wp-content\/uploads\/2022\/04\/IMG_1029-1-1536x1152.jpg 1536w, http:\/\/mavoiemavie.fr\/wp-content\/uploads\/2022\/04\/IMG_1029-1-2048x1536.jpg 2048w, http:\/\/mavoiemavie.fr\/wp-content\/uploads\/2022\/04\/IMG_1029-1-400x300.jpg 400w\" sizes=\"(max-width: 1024px) 100vw, 1024px\" \/><\/figure>\n\n\n\n<figure class=\"wp-block-image size-large\"><img decoding=\"async\" loading=\"lazy\" width=\"1024\" height=\"768\" data-id=\"378\"  src=\"http:\/\/mavoiemavie.fr\/wp-content\/uploads\/2022\/04\/IMG_2478-1024x768.jpg\" alt=\"\" class=\"wp-image-378\" srcset=\"http:\/\/mavoiemavie.fr\/wp-content\/uploads\/2022\/04\/IMG_2478-1024x768.jpg 1024w, http:\/\/mavoiemavie.fr\/wp-content\/uploads\/2022\/04\/IMG_2478-300x225.jpg 300w, http:\/\/mavoiemavie.fr\/wp-content\/uploads\/2022\/04\/IMG_2478-768x576.jpg 768w, http:\/\/mavoiemavie.fr\/wp-content\/uploads\/2022\/04\/IMG_2478-1536x1152.jpg 1536w, http:\/\/mavoiemavie.fr\/wp-content\/uploads\/2022\/04\/IMG_2478-2048x1536.jpg 2048w, http:\/\/mavoiemavie.fr\/wp-content\/uploads\/2022\/04\/IMG_2478-400x300.jpg 400w\" sizes=\"(max-width: 1024px) 100vw, 1024px\" \/><\/figure>\n<\/figure>\n\n\n\n<p><\/p>\n\n\n\n<p>De retour de Guyane Fran\u00e7aise en 2012, mes voyages se m\u00e9tamorphosent : je d\u00e9couvre la marche \u00e0 pied au long cours. Ainsi en 2013 \u00e0 Toulouse, je cr\u00e9e avec J\u00e9r\u00f4me l\u2019association et le projet La Terre en Marche et voil\u00e0 que nos voyages prennent la forme d\u2019exp\u00e9ditions p\u00e9destres. Je marche en couple et en famille, 8300 kilom\u00e8tres sur la route de la Soie et en Afrique, avec un symbole et un message forts : la terre du monde partag\u00e9e en signe de respect entre hommes de m\u00eame nature et de respect entre cultures. Je suis \u00e0 l\u2019initiative de la cr\u00e9ation d\u2019un r\u00e9seau d\u2019\u00e9coles et d\u2019universit\u00e9s rencontr\u00e9es pendant ces exp\u00e9ditions.<\/p>\n\n\n\n<p>En 2020 \u00e0 Avignon, j&#8217;ai envie de raconter ces exp\u00e9riences, ainsi que mon parcours atypique me m\u00e8nent \u00e0 cr\u00e9er ma propre activit\u00e9 freelance : conf\u00e9rences, animations et rencontres deviennent mon quotidien. Ma passion pour l\u2019expression artistique prend de plus en plus forme : j&#8217;\u00e9cris un sc\u00e9nario pour le prochain film La Terre en Marche, me lance dans la cr\u00e9ation de courts-m\u00e9trages, r\u00e9alise un atelier \u00ab Marche en \u00e9veil des sens \u00bb lors d\u2019un stage bien-\u00eatre. J&#8217;ai besoin de mieux me conna\u00eetre et je me dirige vers la psychog\u00e9n\u00e9alogie. Cette approche m\u2019inspire au point de se lancer dans la traduction en roumain d\u2019un ouvrage \u00e9crit par une sp\u00e9cialiste de la discipline.<\/p>\n","protected":false},"excerpt":{"rendered":"<p>Les voyages forment la jeunesse. Michel de Montaigne Partir c&#8217;est se red\u00e9couvrir! Je l&#8217;ai compris quand j&#8217;ai pris la route une ni\u00e8me fois et je &hellip;<\/p>\n","protected":false},"author":1,"featured_media":0,"parent":0,"menu_order":0,"comment_status":"closed","ping_status":"closed","template":"","meta":{"_coblocks_attr":"","_coblocks_dimensions":"","_coblocks_responsive_height":"","_coblocks_accordion_ie_support":""},"_links":{"self":[{"href":"http:\/\/mavoiemavie.fr\/index.php\/wp-json\/wp\/v2\/pages\/105"}],"collection":[{"href":"http:\/\/mavoiemavie.fr\/index.php\/wp-json\/wp\/v2\/pages"}],"about":[{"href":"http:\/\/mavoiemavie.fr\/index.php\/wp-json\/wp\/v2\/types\/page"}],"author":[{"embeddable":true,"href":"http:\/\/mavoiemavie.fr\/index.php\/wp-json\/wp\/v2\/users\/1"}],"replies":[{"embeddable":true,"href":"http:\/\/mavoiemavie.fr\/index.php\/wp-json\/wp\/v2\/comments?post=105"}],"version-history":[{"count":26,"href":"http:\/\/mavoiemavie.fr\/index.php\/wp-json\/wp\/v2\/pages\/105\/revisions"}],"predecessor-version":[{"id":675,"href":"http:\/\/mavoiemavie.fr\/index.php\/wp-json\/wp\/v2\/pages\/105\/revisions\/675"}],"wp:attachment":[{"href":"http:\/\/mavoiemavie.fr\/index.php\/wp-json\/wp\/v2\/media?parent=105"}],"curies":[{"name":"wp","href":"https:\/\/api.w.org\/{rel}","templated":true}]}}