{"id":103,"date":"2022-04-21T15:13:08","date_gmt":"2022-04-21T13:13:08","guid":{"rendered":"http:\/\/mavoiemavie.fr\/?page_id=103"},"modified":"2022-07-01T08:35:34","modified_gmt":"2022-07-01T06:35:34","slug":"la-terre-en-marche","status":"publish","type":"page","link":"http:\/\/mavoiemavie.fr\/index.php\/la-terre-en-marche\/","title":{"rendered":"La Terre en Marche"},"content":{"rendered":"\n<figure class=\"wp-block-embed is-type-video is-provider-youtube wp-block-embed-youtube wp-embed-aspect-16-9 wp-has-aspect-ratio\"><div class=\"wp-block-embed__wrapper\">\n<iframe loading=\"lazy\" title=\"La Terre en Marche, les exp\u00e9ditions : la route de la Soie et l&#039;Afrique de l&#039;Est. Teaser.\" width=\"1032\" height=\"581\" src=\"https:\/\/www.youtube.com\/embed\/YjT9pGT0LQE?feature=oembed\" frameborder=\"0\" allow=\"accelerometer; autoplay; clipboard-write; encrypted-media; gyroscope; picture-in-picture\" allowfullscreen><\/iframe>\n<\/div><figcaption><br>Porter une id\u00e9e \u00e0 son terme, une vision \u00e0 maturit\u00e9, accomplir un id\u00e9al, dans les \u00e9preuves et l&#8217;endurance. D&#8217;homme \u00e0 homme, de peuple en peuple, de culture en culture, de pays en pays, nous marchons, la terre du monde accroch\u00e9e \u00e0 notre ceinture. C&#8217;est en partant de l&#8217;homme attach\u00e9 \u00e0 ses racines, son histoire, ses traditions, sa culture que nous pouvons porter un message fort et universel. Voici La Terre en Marche! <\/figcaption><\/figure>\n\n\n\n<p><\/p>\n\n\n\n<h3 class=\"has-text-align-center wp-block-heading\"><a href=\"http:\/\/www.laterreenmarche.com\/\" data-type=\"URL\" data-id=\"http:\/\/www.laterreenmarche.com\/\" target=\"_blank\" rel=\"noreferrer noopener\">LA TERRE EN MARCHE<\/a><\/h3>\n\n\n\n<div style=\"height:27px\" aria-hidden=\"true\" class=\"wp-block-spacer\"><\/div>\n\n\n\n<div class=\"wp-block-columns is-layout-flex wp-container-4\">\n<div class=\"wp-block-column is-layout-flow\">\n<p><strong>A la rencontre&nbsp; des peuples du mond<\/strong>e<\/p>\n\n\n<div class=\"wp-block-image is-style-bottom-wave\">\n<figure class=\"alignleft size-full is-resized\"><img decoding=\"async\" loading=\"lazy\" src=\"http:\/\/mavoiemavie.fr\/wp-content\/uploads\/2022\/04\/ecole_6.jpg\" alt=\"\" class=\"wp-image-241\" width=\"394\" height=\"295\" srcset=\"http:\/\/mavoiemavie.fr\/wp-content\/uploads\/2022\/04\/ecole_6.jpg 720w, http:\/\/mavoiemavie.fr\/wp-content\/uploads\/2022\/04\/ecole_6-300x225.jpg 300w, http:\/\/mavoiemavie.fr\/wp-content\/uploads\/2022\/04\/ecole_6-400x300.jpg 400w\" sizes=\"(max-width: 394px) 100vw, 394px\" \/><figcaption>Nous organisons dans tous les pays travers\u00e9s des c\u00e9r\u00e9monies de partage de la terre. Villages, \u00e9coles, centres culturels, universit\u00e9s : nous offrons de la terre du monde aux populations qui en retour d\u00e9posent dans nos bourses la terre de leur enracinement, de leur histoire, de leur pays.  <br><br><sup>Journalistique, sportive, p\u00e9dagogique, ethnographique, spirituelle. La Terre en Marche est une tentative de r\u00e9ponse \u00e0 des enjeux majeurs d\u2019ordre culturels, \u00e9cologiques, \u00e9conomiques qui traversent, bousculent, fragilisent les soci\u00e9t\u00e9s dans le monde.<\/sup><\/figcaption><\/figure><\/div>\n\n\n<p><\/p>\n<\/div>\n\n\n\n<div class=\"wp-block-column is-layout-flow\">\n<p><strong>Les deux exp\u00e9ditions<\/strong><\/p>\n\n\n<div class=\"wp-block-image is-style-bottom-wave\">\n<figure class=\"aligncenter size-large\"><img decoding=\"async\" loading=\"lazy\" width=\"1024\" height=\"682\" src=\"http:\/\/mavoiemavie.fr\/wp-content\/uploads\/2022\/04\/IRANIENS-1024x682.jpg\" alt=\"\" class=\"wp-image-298\" srcset=\"http:\/\/mavoiemavie.fr\/wp-content\/uploads\/2022\/04\/IRANIENS-1024x682.jpg 1024w, http:\/\/mavoiemavie.fr\/wp-content\/uploads\/2022\/04\/IRANIENS-300x200.jpg 300w, http:\/\/mavoiemavie.fr\/wp-content\/uploads\/2022\/04\/IRANIENS-768x511.jpg 768w, http:\/\/mavoiemavie.fr\/wp-content\/uploads\/2022\/04\/IRANIENS-1536x1023.jpg 1536w, http:\/\/mavoiemavie.fr\/wp-content\/uploads\/2022\/04\/IRANIENS-2048x1364.jpg 2048w, http:\/\/mavoiemavie.fr\/wp-content\/uploads\/2022\/04\/IRANIENS-450x300.jpg 450w\" sizes=\"(max-width: 1024px) 100vw, 1024px\" \/><\/figure><\/div>\n\n\n<p><strong>Dans le cadre de ce projet, nous avons mont\u00e9 deux exp\u00e9ditions :<\/strong> <\/p>\n\n\n\n<p>6000 kilom\u00e8tres \u00e0 pied le long de deux routes mill\u00e9naires La via Egnatia et la route de la Soie&nbsp;: deux ans d&#8217;aventure, 2014-2016, depuis la maison natale de Marco Polo \u00e0 Venise jusqu&#8217;\u00e0 la fronti\u00e8re kirghizo-chinoise. <\/p>\n\n\n\n<p>&#8211; 2300 kilom\u00e8tres \u00e0 pied le long des axes migratoires ancestraux, en 2019 : une Travers\u00e9e de l&#8217;Afrique de l&#8217;Est, avec un chariot de traction et notre fille de 20 mois sur le dos, Ethiopie, Tanzanie, Malawi, Zimbabwe.<\/p>\n<\/div>\n\n\n\n<div class=\"wp-block-column is-layout-flow\">\n<p class=\"has-text-align-left\">     <strong> Les trois volets essentiels<\/strong><\/p>\n\n\n<div class=\"wp-block-image is-style-bottom-wave\">\n<figure class=\"aligncenter size-large is-resized\"><img decoding=\"async\" loading=\"lazy\" src=\"http:\/\/mavoiemavie.fr\/wp-content\/uploads\/2022\/04\/2-1024x780.jpg\" alt=\"\" class=\"wp-image-233\" width=\"371\" height=\"282\" srcset=\"http:\/\/mavoiemavie.fr\/wp-content\/uploads\/2022\/04\/2-1024x780.jpg 1024w, http:\/\/mavoiemavie.fr\/wp-content\/uploads\/2022\/04\/2-300x229.jpg 300w, http:\/\/mavoiemavie.fr\/wp-content\/uploads\/2022\/04\/2-768x585.jpg 768w, http:\/\/mavoiemavie.fr\/wp-content\/uploads\/2022\/04\/2-1536x1170.jpg 1536w, http:\/\/mavoiemavie.fr\/wp-content\/uploads\/2022\/04\/2-2048x1560.jpg 2048w, http:\/\/mavoiemavie.fr\/wp-content\/uploads\/2022\/04\/2-394x300.jpg 394w\" sizes=\"(max-width: 371px) 100vw, 371px\" \/><\/figure><\/div>\n\n\n<ol><li>Affirmer une vision de l\u2019homme&nbsp;: enracin\u00e9 et ouvert \u00e0 l\u2019universel.<\/li><li>Marcher de peuple en peuple&nbsp;: un d\u00e9fi sportif et une aventure humaine collective sur les cinq continents. <\/li><li>3. Partager le tr\u00e9sor commun \u00e0 l\u2019humanit\u00e9&nbsp;: la transmission d\u2019une \u00e9nergie positive pour la terre et pour les hommes.<\/li><\/ol>\n<\/div>\n<\/div>\n\n\n\n<ul class=\"wp-block-social-links is-layout-flex\"><\/ul>\n","protected":false},"excerpt":{"rendered":"<p>LA TERRE EN MARCHE A la rencontre&nbsp; des peuples du monde Les deux exp\u00e9ditions Dans le cadre de ce projet, nous avons mont\u00e9 deux exp\u00e9ditions &hellip;<\/p>\n","protected":false},"author":1,"featured_media":253,"parent":0,"menu_order":0,"comment_status":"closed","ping_status":"closed","template":"","meta":{"_coblocks_attr":"","_coblocks_dimensions":"","_coblocks_responsive_height":"","_coblocks_accordion_ie_support":""},"_links":{"self":[{"href":"http:\/\/mavoiemavie.fr\/index.php\/wp-json\/wp\/v2\/pages\/103"}],"collection":[{"href":"http:\/\/mavoiemavie.fr\/index.php\/wp-json\/wp\/v2\/pages"}],"about":[{"href":"http:\/\/mavoiemavie.fr\/index.php\/wp-json\/wp\/v2\/types\/page"}],"author":[{"embeddable":true,"href":"http:\/\/mavoiemavie.fr\/index.php\/wp-json\/wp\/v2\/users\/1"}],"replies":[{"embeddable":true,"href":"http:\/\/mavoiemavie.fr\/index.php\/wp-json\/wp\/v2\/comments?post=103"}],"version-history":[{"count":18,"href":"http:\/\/mavoiemavie.fr\/index.php\/wp-json\/wp\/v2\/pages\/103\/revisions"}],"predecessor-version":[{"id":727,"href":"http:\/\/mavoiemavie.fr\/index.php\/wp-json\/wp\/v2\/pages\/103\/revisions\/727"}],"wp:featuredmedia":[{"embeddable":true,"href":"http:\/\/mavoiemavie.fr\/index.php\/wp-json\/wp\/v2\/media\/253"}],"wp:attachment":[{"href":"http:\/\/mavoiemavie.fr\/index.php\/wp-json\/wp\/v2\/media?parent=103"}],"curies":[{"name":"wp","href":"https:\/\/api.w.org\/{rel}","templated":true}]}}

<figure class="wp-block-embed is-type-video is-provider-youtube wp-block-embed-youtube wp-embed-aspect-16-9 wp-has-aspect-ratio"><div class="wp-block-embed__wrapper">
<iframe loading="lazy" title="La Terre en Marche, les expéditions : la route de la Soie et l&#039;Afrique de l&#039;Est. Teaser." width="1032" height="581" src="https://www.youtube.com/embed/YjT9pGT0LQE?feature=oembed" frameborder="0" allow="accelerometer; autoplay; clipboard-write; encrypted-media; gyroscope; picture-in-picture" allowfullscreen></iframe>
</div><figcaption><br>Porter une idée à son terme, une vision à maturité, accomplir un idéal, dans les épreuves et l&#8217;endurance. D&#8217;homme à homme, de peuple en peuple, de culture en culture, de pays en pays, nous marchons, la terre du monde accrochée à notre ceinture. C&#8217;est en partant de l&#8217;homme attaché à ses racines, son histoire, ses traditions, sa culture que nous pouvons porter un message fort et universel. Voici La Terre en Marche! </figcaption></figure>



<p></p>



<h3 class="has-text-align-center wp-block-heading"><a href="http://www.laterreenmarche.com/" data-type="URL" data-id="http://www.laterreenmarche.com/" target="_blank" rel="noreferrer noopener">LA TERRE EN MARCHE</a></h3>



<div style="height:27px" aria-hidden="true" class="wp-block-spacer"></div>



<div class="wp-block-columns is-layout-flex wp-container-4">
<div class="wp-block-column is-layout-flow">
<p><strong>A la rencontre&nbsp; des peuples du mond</strong>e</p>


<div class="wp-block-image is-style-bottom-wave">
<figure class="alignleft size-full is-resized"><img decoding="async" loading="lazy" src="http://mavoiemavie.fr/wp-content/uploads/2022/04/ecole_6.jpg" alt="" class="wp-image-241" width="394" height="295" srcset="http://mavoiemavie.fr/wp-content/uploads/2022/04/ecole_6.jpg 720w, http://mavoiemavie.fr/wp-content/uploads/2022/04/ecole_6-300x225.jpg 300w, http://mavoiemavie.fr/wp-content/uploads/2022/04/ecole_6-400x300.jpg 400w" sizes="(max-width: 394px) 100vw, 394px" /><figcaption>Nous organisons dans tous les pays traversés des cérémonies de partage de la terre. Villages, écoles, centres culturels, universités : nous offrons de la terre du monde aux populations qui en retour déposent dans nos bourses la terre de leur enracinement, de leur histoire, de leur pays.  <br><br><sup>Journalistique, sportive, pédagogique, ethnographique, spirituelle. La Terre en Marche est une tentative de réponse à des enjeux majeurs d’ordre culturels, écologiques, économiques qui traversent, bousculent, fragilisent les sociétés dans le monde.</sup></figcaption></figure></div>


<p></p>
</div>



<div class="wp-block-column is-layout-flow">
<p><strong>Les deux expéditions</strong></p>


<div class="wp-block-image is-style-bottom-wave">
<figure class="aligncenter size-large"><img decoding="async" loading="lazy" width="1024" height="682" src="http://mavoiemavie.fr/wp-content/uploads/2022/04/IRANIENS-1024x682.jpg" alt="" class="wp-image-298" srcset="http://mavoiemavie.fr/wp-content/uploads/2022/04/IRANIENS-1024x682.jpg 1024w, http://mavoiemavie.fr/wp-content/uploads/2022/04/IRANIENS-300x200.jpg 300w, http://mavoiemavie.fr/wp-content/uploads/2022/04/IRANIENS-768x511.jpg 768w, http://mavoiemavie.fr/wp-content/uploads/2022/04/IRANIENS-1536x1023.jpg 1536w, http://mavoiemavie.fr/wp-content/uploads/2022/04/IRANIENS-2048x1364.jpg 2048w, http://mavoiemavie.fr/wp-content/uploads/2022/04/IRANIENS-450x300.jpg 450w" sizes="(max-width: 1024px) 100vw, 1024px" /></figure></div>


<p><strong>Dans le cadre de ce projet, nous avons monté deux expéditions :</strong> </p>



<p>6000 kilomètres à pied le long de deux routes millénaires La via Egnatia et la route de la Soie&nbsp;: deux ans d&#8217;aventure, 2014-2016, depuis la maison natale de Marco Polo à Venise jusqu&#8217;à la frontière kirghizo-chinoise. </p>



<p>&#8211; 2300 kilomètres à pied le long des axes migratoires ancestraux, en 2019 : une Traversée de l&#8217;Afrique de l&#8217;Est, avec un chariot de traction et notre fille de 20 mois sur le dos, Ethiopie, Tanzanie, Malawi, Zimbabwe.</p>
</div>



<div class="wp-block-column is-layout-flow">
<p class="has-text-align-left">     <strong> Les trois volets essentiels</strong></p>


<div class="wp-block-image is-style-bottom-wave">
<figure class="aligncenter size-large is-resized"><img decoding="async" loading="lazy" src="http://mavoiemavie.fr/wp-content/uploads/2022/04/2-1024x780.jpg" alt="" class="wp-image-233" width="371" height="282" srcset="http://mavoiemavie.fr/wp-content/uploads/2022/04/2-1024x780.jpg 1024w, http://mavoiemavie.fr/wp-content/uploads/2022/04/2-300x229.jpg 300w, http://mavoiemavie.fr/wp-content/uploads/2022/04/2-768x585.jpg 768w, http://mavoiemavie.fr/wp-content/uploads/2022/04/2-1536x1170.jpg 1536w, http://mavoiemavie.fr/wp-content/uploads/2022/04/2-2048x1560.jpg 2048w, http://mavoiemavie.fr/wp-content/uploads/2022/04/2-394x300.jpg 394w" sizes="(max-width: 371px) 100vw, 371px" /></figure></div>


<ol><li>Affirmer une vision de l’homme&nbsp;: enraciné et ouvert à l’universel.</li><li>Marcher de peuple en peuple&nbsp;: un défi sportif et une aventure humaine collective sur les cinq continents. </li><li>3. Partager le trésor commun à l’humanité&nbsp;: la transmission d’une énergie positive pour la terre et pour les hommes.</li></ol>
</div>
</div>



<ul class="wp-block-social-links is-layout-flex"></ul>

<p>LA TERRE EN MARCHE A la rencontre&nbsp; des peuples du monde Les deux expéditions Dans le cadre de ce projet, nous avons monté deux expéditions &hellip;</p>
